{"id":3395,"date":"2024-07-29T16:47:59","date_gmt":"2024-07-29T14:47:59","guid":{"rendered":"https:\/\/maul-architekten.com\/?page_id=3395"},"modified":"2024-08-19T16:37:50","modified_gmt":"2024-08-19T14:37:50","slug":"moeblierung-blindenwohnheim-oebw-wien","status":"publish","type":"page","link":"https:\/\/maul-architekten.com\/?page_id=3395","title":{"rendered":"M\u00f6belplanung | Interior &#8211; Blindenwohnheim \u00d6BW &#8211; Wien"},"content":{"rendered":"\n<div id=\"metaslider-id-3401\" style=\"width: 100%;\" class=\"ml-slider-3-108-0 metaslider metaslider-flex metaslider-3401 ml-slider ms-theme-default nav-hidden\" role=\"region\" aria-label=\"M\u00f6belplanung | Interior 2024 - \u00d6BW Wien\" data-height=\"667\" data-width=\"1000\">\n    <div id=\"metaslider_container_3401\">\n        <div id=\"metaslider_3401\">\n            <ul class='slides'>\n                <li style=\"display: block; width: 100%;\" class=\"slide-3407 ms-image \" aria-roledescription=\"slide\" data-date=\"2024-07-29 16:58:03\" data-filename=\"034_johann-wilhelm-klein-haus_wien-2022_nonconform_foto_kurt.hoerbst_2209122100.jpg\" data-slide-type=\"image\"><img loading=\"lazy\" decoding=\"async\" width=\"1000\" height=\"750\" src=\"https:\/\/maul-architekten.com\/wp-content\/uploads\/2024\/07\/034_johann-wilhelm-klein-haus_wien-2022_nonconform_foto_kurt.hoerbst_2209122100.jpg\" class=\"slider-3401 slide-3407 msDefaultImage\" alt=\"\" rel=\"\" title=\"\" style=\"margin: 0 auto; width: 88.933333333333%\" srcset=\"https:\/\/maul-architekten.com\/wp-content\/uploads\/2024\/07\/034_johann-wilhelm-klein-haus_wien-2022_nonconform_foto_kurt.hoerbst_2209122100.jpg 1000w, https:\/\/maul-architekten.com\/wp-content\/uploads\/2024\/07\/034_johann-wilhelm-klein-haus_wien-2022_nonconform_foto_kurt.hoerbst_2209122100-300x225.jpg 300w, https:\/\/maul-architekten.com\/wp-content\/uploads\/2024\/07\/034_johann-wilhelm-klein-haus_wien-2022_nonconform_foto_kurt.hoerbst_2209122100-700x525.jpg 700w, https:\/\/maul-architekten.com\/wp-content\/uploads\/2024\/07\/034_johann-wilhelm-klein-haus_wien-2022_nonconform_foto_kurt.hoerbst_2209122100-768x576.jpg 768w, https:\/\/maul-architekten.com\/wp-content\/uploads\/2024\/07\/034_johann-wilhelm-klein-haus_wien-2022_nonconform_foto_kurt.hoerbst_2209122100-192x144.jpg 192w\" sizes=\"auto, (max-width: 1000px) 100vw, 1000px\" \/><\/li>\n                <li style=\"display: none; width: 100%;\" class=\"slide-3405 ms-image \" aria-roledescription=\"slide\" data-date=\"2024-07-29 16:58:03\" data-filename=\"023_johann-wilhelm-klein-haus_wien-2022_nonconform_foto_kurt.hoerbst_2209121634.jpg\" data-slide-type=\"image\"><img loading=\"lazy\" decoding=\"async\" width=\"1000\" height=\"1333\" src=\"https:\/\/maul-architekten.com\/wp-content\/uploads\/2024\/07\/023_johann-wilhelm-klein-haus_wien-2022_nonconform_foto_kurt.hoerbst_2209121634.jpg\" class=\"slider-3401 slide-3405 msDefaultImage\" alt=\"\" rel=\"\" title=\"\" style=\"margin: 0 auto; width: 50.037509377344%\" srcset=\"https:\/\/maul-architekten.com\/wp-content\/uploads\/2024\/07\/023_johann-wilhelm-klein-haus_wien-2022_nonconform_foto_kurt.hoerbst_2209121634.jpg 1000w, https:\/\/maul-architekten.com\/wp-content\/uploads\/2024\/07\/023_johann-wilhelm-klein-haus_wien-2022_nonconform_foto_kurt.hoerbst_2209121634-225x300.jpg 225w, https:\/\/maul-architekten.com\/wp-content\/uploads\/2024\/07\/023_johann-wilhelm-klein-haus_wien-2022_nonconform_foto_kurt.hoerbst_2209121634-700x933.jpg 700w, https:\/\/maul-architekten.com\/wp-content\/uploads\/2024\/07\/023_johann-wilhelm-klein-haus_wien-2022_nonconform_foto_kurt.hoerbst_2209121634-768x1024.jpg 768w, https:\/\/maul-architekten.com\/wp-content\/uploads\/2024\/07\/023_johann-wilhelm-klein-haus_wien-2022_nonconform_foto_kurt.hoerbst_2209121634-144x192.jpg 144w\" sizes=\"auto, (max-width: 1000px) 100vw, 1000px\" \/><\/li>\n                <li style=\"display: none; width: 100%;\" class=\"slide-3406 ms-image \" aria-roledescription=\"slide\" data-date=\"2024-07-29 16:58:03\" data-filename=\"028_johann-wilhelm-klein-haus_wien-2022_nonconform_foto_kurt.hoerbst_2209123022.jpg\" data-slide-type=\"image\"><img loading=\"lazy\" decoding=\"async\" width=\"1000\" height=\"1333\" src=\"https:\/\/maul-architekten.com\/wp-content\/uploads\/2024\/07\/028_johann-wilhelm-klein-haus_wien-2022_nonconform_foto_kurt.hoerbst_2209123022.jpg\" class=\"slider-3401 slide-3406 msDefaultImage\" alt=\"\" rel=\"\" title=\"\" style=\"margin: 0 auto; width: 50.037509377344%\" srcset=\"https:\/\/maul-architekten.com\/wp-content\/uploads\/2024\/07\/028_johann-wilhelm-klein-haus_wien-2022_nonconform_foto_kurt.hoerbst_2209123022.jpg 1000w, https:\/\/maul-architekten.com\/wp-content\/uploads\/2024\/07\/028_johann-wilhelm-klein-haus_wien-2022_nonconform_foto_kurt.hoerbst_2209123022-225x300.jpg 225w, https:\/\/maul-architekten.com\/wp-content\/uploads\/2024\/07\/028_johann-wilhelm-klein-haus_wien-2022_nonconform_foto_kurt.hoerbst_2209123022-700x933.jpg 700w, https:\/\/maul-architekten.com\/wp-content\/uploads\/2024\/07\/028_johann-wilhelm-klein-haus_wien-2022_nonconform_foto_kurt.hoerbst_2209123022-768x1024.jpg 768w, https:\/\/maul-architekten.com\/wp-content\/uploads\/2024\/07\/028_johann-wilhelm-klein-haus_wien-2022_nonconform_foto_kurt.hoerbst_2209123022-144x192.jpg 144w\" sizes=\"auto, (max-width: 1000px) 100vw, 1000px\" \/><\/li>\n            <\/ul>\n        <\/div>\n        \n    <\/div>\n<\/div>\n\n\n\n<p><\/p>\n\n\n\n<p><strong>M\u00f6belplanung | Interior 2024 \u2013 Blindenwohnheim \u00d6BW &#8211; Wien<\/strong><\/p>\n\n\n\n<p>sehbeeintr\u00e4chtigte BewohnerInnen : Kontraste : Normen : Wohnlichkeit : Behaglichkeit : Raumqualit\u00e4t : technische Standards : Hygiene : Kosten<\/p>\n\n\n\n<p>Dies waren die ma\u00dfgebende Planungsparameter, die es galt in ein stimmungsvolles Ganzes zu Verpacken unter Bedachtnahme einer gelungen Raumvorgabe durch die Architektur von nonconform. Eine Planungsaufgabe, die viel Fingerspitzengef\u00fchl ben\u00f6tigte.<\/p>\n\n\n\n<p>im Auftrag f\u00fcr <a aria-label=\"Architekten Luger &amp; Maul (\u00f6ffnet in neuem Tab)\" href=\"http:\/\/www.luger-maul.at\/\" target=\"_blank\" rel=\"noreferrer noopener\">Architekten Luger &amp; Maul<\/a> | Architektur <a href=\"https:\/\/www.nonconform.at\/architektur\/oesterreichisches-blindenwohnheim\/\" target=\"_blank\" rel=\"noreferrer noopener\">nonconform<\/a><br>Planung\u00a0\u00a0\u00a0\u00a0\u00a0\u00a0\u00a0\u00a0\u00a0\u00a0\u00a0\u00a0\u00a0\u00a0\u00a0\u00a0 \u00a0 2018 -2020<br>Bauausf\u00fchrung\u00a0\u00a0\u00a0 \u00a0\u00a0\u00a0 2021 &#8211; 2024 (in mehreren Bauetappen)<\/p>\n\n\n\n<p class=\"has-cyan-bluish-gray-color has-text-color\">Bilder&nbsp;&nbsp;&nbsp;&nbsp;&nbsp;&nbsp;&nbsp;&nbsp;&nbsp;&nbsp;&nbsp;&nbsp;&nbsp;&nbsp;&nbsp;&nbsp;&nbsp;&nbsp; &nbsp;&nbsp; \u00a9Kurt H\u00f6rbst <\/p>\n\n\n\n<p><\/p>\n","protected":false},"excerpt":{"rendered":"<p>M\u00f6belplanung | Interior 2024 \u2013 Blindenwohnheim \u00d6BW &#8211; Wien sehbeeintr\u00e4chtigte BewohnerInnen : Kontraste : Normen : Wohnlichkeit : Behaglichkeit : Raumqualit\u00e4t : technische Standards : Hygiene : Kosten Dies waren die ma\u00dfgebende Planungsparameter, die es galt in ein stimmungsvolles Ganzes zu Verpacken unter Bedachtnahme einer gelungen Raumvorgabe durch die Architektur von nonconform. Eine Planungsaufgabe, die &hellip; <a href=\"https:\/\/maul-architekten.com\/?page_id=3395\" class=\"more-link\"><span class=\"screen-reader-text\">M\u00f6belplanung | Interior &#8211; Blindenwohnheim \u00d6BW &#8211; Wien<\/span> weiterlesen<\/a><\/p>\n","protected":false},"author":1,"featured_media":3404,"parent":0,"menu_order":0,"comment_status":"closed","ping_status":"closed","template":"","meta":{"footnotes":""},"class_list":["post-3395","page","type-page","status-publish","has-post-thumbnail","hentry"],"_links":{"self":[{"href":"https:\/\/maul-architekten.com\/index.php?rest_route=\/wp\/v2\/pages\/3395","targetHints":{"allow":["GET"]}}],"collection":[{"href":"https:\/\/maul-architekten.com\/index.php?rest_route=\/wp\/v2\/pages"}],"about":[{"href":"https:\/\/maul-architekten.com\/index.php?rest_route=\/wp\/v2\/types\/page"}],"author":[{"embeddable":true,"href":"https:\/\/maul-architekten.com\/index.php?rest_route=\/wp\/v2\/users\/1"}],"replies":[{"embeddable":true,"href":"https:\/\/maul-architekten.com\/index.php?rest_route=%2Fwp%2Fv2%2Fcomments&post=3395"}],"version-history":[{"count":9,"href":"https:\/\/maul-architekten.com\/index.php?rest_route=\/wp\/v2\/pages\/3395\/revisions"}],"predecessor-version":[{"id":3456,"href":"https:\/\/maul-architekten.com\/index.php?rest_route=\/wp\/v2\/pages\/3395\/revisions\/3456"}],"wp:featuredmedia":[{"embeddable":true,"href":"https:\/\/maul-architekten.com\/index.php?rest_route=\/wp\/v2\/media\/3404"}],"wp:attachment":[{"href":"https:\/\/maul-architekten.com\/index.php?rest_route=%2Fwp%2Fv2%2Fmedia&parent=3395"}],"curies":[{"name":"wp","href":"https:\/\/api.w.org\/{rel}","templated":true}]}}

Möbelplanung | Interior &#8211; Blindenwohnheim ÖBW &#8211; Wien

<div id="metaslider-id-3401" style="width: 100%;" class="ml-slider-3-108-0 metaslider metaslider-flex metaslider-3401 ml-slider ms-theme-default nav-hidden" role="region" aria-label="Möbelplanung | Interior 2024 - ÖBW Wien" data-height="667" data-width="1000">
    <div id="metaslider_container_3401">
        <div id="metaslider_3401">
            <ul class='slides'>
                <li style="display: block; width: 100%;" class="slide-3407 ms-image " aria-roledescription="slide" data-date="2024-07-29 16:58:03" data-filename="034_johann-wilhelm-klein-haus_wien-2022_nonconform_foto_kurt.hoerbst_2209122100.jpg" data-slide-type="image"><img loading="lazy" decoding="async" width="1000" height="750" src="https://maul-architekten.com/wp-content/uploads/2024/07/034_johann-wilhelm-klein-haus_wien-2022_nonconform_foto_kurt.hoerbst_2209122100.jpg" class="slider-3401 slide-3407 msDefaultImage" alt="" rel="" title="" style="margin: 0 auto; width: 88.933333333333%" srcset="https://maul-architekten.com/wp-content/uploads/2024/07/034_johann-wilhelm-klein-haus_wien-2022_nonconform_foto_kurt.hoerbst_2209122100.jpg 1000w, https://maul-architekten.com/wp-content/uploads/2024/07/034_johann-wilhelm-klein-haus_wien-2022_nonconform_foto_kurt.hoerbst_2209122100-300x225.jpg 300w, https://maul-architekten.com/wp-content/uploads/2024/07/034_johann-wilhelm-klein-haus_wien-2022_nonconform_foto_kurt.hoerbst_2209122100-700x525.jpg 700w, https://maul-architekten.com/wp-content/uploads/2024/07/034_johann-wilhelm-klein-haus_wien-2022_nonconform_foto_kurt.hoerbst_2209122100-768x576.jpg 768w, https://maul-architekten.com/wp-content/uploads/2024/07/034_johann-wilhelm-klein-haus_wien-2022_nonconform_foto_kurt.hoerbst_2209122100-192x144.jpg 192w" sizes="auto, (max-width: 1000px) 100vw, 1000px" /></li>
                <li style="display: none; width: 100%;" class="slide-3405 ms-image " aria-roledescription="slide" data-date="2024-07-29 16:58:03" data-filename="023_johann-wilhelm-klein-haus_wien-2022_nonconform_foto_kurt.hoerbst_2209121634.jpg" data-slide-type="image"><img loading="lazy" decoding="async" width="1000" height="1333" src="https://maul-architekten.com/wp-content/uploads/2024/07/023_johann-wilhelm-klein-haus_wien-2022_nonconform_foto_kurt.hoerbst_2209121634.jpg" class="slider-3401 slide-3405 msDefaultImage" alt="" rel="" title="" style="margin: 0 auto; width: 50.037509377344%" srcset="https://maul-architekten.com/wp-content/uploads/2024/07/023_johann-wilhelm-klein-haus_wien-2022_nonconform_foto_kurt.hoerbst_2209121634.jpg 1000w, https://maul-architekten.com/wp-content/uploads/2024/07/023_johann-wilhelm-klein-haus_wien-2022_nonconform_foto_kurt.hoerbst_2209121634-225x300.jpg 225w, https://maul-architekten.com/wp-content/uploads/2024/07/023_johann-wilhelm-klein-haus_wien-2022_nonconform_foto_kurt.hoerbst_2209121634-700x933.jpg 700w, https://maul-architekten.com/wp-content/uploads/2024/07/023_johann-wilhelm-klein-haus_wien-2022_nonconform_foto_kurt.hoerbst_2209121634-768x1024.jpg 768w, https://maul-architekten.com/wp-content/uploads/2024/07/023_johann-wilhelm-klein-haus_wien-2022_nonconform_foto_kurt.hoerbst_2209121634-144x192.jpg 144w" sizes="auto, (max-width: 1000px) 100vw, 1000px" /></li>
                <li style="display: none; width: 100%;" class="slide-3406 ms-image " aria-roledescription="slide" data-date="2024-07-29 16:58:03" data-filename="028_johann-wilhelm-klein-haus_wien-2022_nonconform_foto_kurt.hoerbst_2209123022.jpg" data-slide-type="image"><img loading="lazy" decoding="async" width="1000" height="1333" src="https://maul-architekten.com/wp-content/uploads/2024/07/028_johann-wilhelm-klein-haus_wien-2022_nonconform_foto_kurt.hoerbst_2209123022.jpg" class="slider-3401 slide-3406 msDefaultImage" alt="" rel="" title="" style="margin: 0 auto; width: 50.037509377344%" srcset="https://maul-architekten.com/wp-content/uploads/2024/07/028_johann-wilhelm-klein-haus_wien-2022_nonconform_foto_kurt.hoerbst_2209123022.jpg 1000w, https://maul-architekten.com/wp-content/uploads/2024/07/028_johann-wilhelm-klein-haus_wien-2022_nonconform_foto_kurt.hoerbst_2209123022-225x300.jpg 225w, https://maul-architekten.com/wp-content/uploads/2024/07/028_johann-wilhelm-klein-haus_wien-2022_nonconform_foto_kurt.hoerbst_2209123022-700x933.jpg 700w, https://maul-architekten.com/wp-content/uploads/2024/07/028_johann-wilhelm-klein-haus_wien-2022_nonconform_foto_kurt.hoerbst_2209123022-768x1024.jpg 768w, https://maul-architekten.com/wp-content/uploads/2024/07/028_johann-wilhelm-klein-haus_wien-2022_nonconform_foto_kurt.hoerbst_2209123022-144x192.jpg 144w" sizes="auto, (max-width: 1000px) 100vw, 1000px" /></li>
            </ul>
        </div>
        
    </div>
</div>



<p></p>



<p><strong>Möbelplanung | Interior 2024 – Blindenwohnheim ÖBW &#8211; Wien</strong></p>



<p>sehbeeinträchtigte BewohnerInnen : Kontraste : Normen : Wohnlichkeit : Behaglichkeit : Raumqualität : technische Standards : Hygiene : Kosten</p>



<p>Dies waren die maßgebende Planungsparameter, die es galt in ein stimmungsvolles Ganzes zu Verpacken unter Bedachtnahme einer gelungen Raumvorgabe durch die Architektur von nonconform. Eine Planungsaufgabe, die viel Fingerspitzengefühl benötigte.</p>



<p>im Auftrag für <a aria-label="Architekten Luger &amp; Maul (öffnet in neuem Tab)" href="http://www.luger-maul.at/" target="_blank" rel="noreferrer noopener">Architekten Luger &amp; Maul</a> | Architektur <a href="https://www.nonconform.at/architektur/oesterreichisches-blindenwohnheim/" target="_blank" rel="noreferrer noopener">nonconform</a><br>Planung                   2018 -2020<br>Bauausführung        2021 &#8211; 2024 (in mehreren Bauetappen)</p>



<p class="has-cyan-bluish-gray-color has-text-color">Bilder&nbsp;&nbsp;&nbsp;&nbsp;&nbsp;&nbsp;&nbsp;&nbsp;&nbsp;&nbsp;&nbsp;&nbsp;&nbsp;&nbsp;&nbsp;&nbsp;&nbsp;&nbsp; &nbsp;&nbsp; ©Kurt Hörbst </p>



<p></p>

<p>Möbelplanung | Interior 2024 – Blindenwohnheim ÖBW &#8211; Wien sehbeeinträchtigte BewohnerInnen : Kontraste : Normen : Wohnlichkeit : Behaglichkeit : Raumqualität : technische Standards : Hygiene : Kosten Dies waren die maßgebende Planungsparameter, die es galt in ein stimmungsvolles Ganzes zu Verpacken unter Bedachtnahme einer gelungen Raumvorgabe durch die Architektur von nonconform. Eine Planungsaufgabe, die &hellip; <a href="https://maul-architekten.com/?page_id=3395" class="more-link"><span class="screen-reader-text">Möbelplanung | Interior &#8211; Blindenwohnheim ÖBW &#8211; Wien</span> weiterlesen</a></p>
