{"id":3013,"date":"2023-07-27T17:13:39","date_gmt":"2023-07-27T15:13:39","guid":{"rendered":"https:\/\/maul-architekten.com\/?page_id=3013"},"modified":"2023-07-27T18:04:21","modified_gmt":"2023-07-27T16:04:21","slug":"wettbewerb-ringstrasse","status":"publish","type":"page","link":"https:\/\/maul-architekten.com\/?page_id=3013","title":{"rendered":"Wettbewerb Altstadthaus Ringstra\u00dfe &#8211; Wels"},"content":{"rendered":"<div id=\"metaslider-id-2961\" style=\"max-width: 1000px;\" class=\"ml-slider-3-108-0 metaslider metaslider-flex metaslider-2961 ml-slider ms-theme-default nav-hidden\" role=\"region\" aria-label=\"Wettbewerb Ringstrasse Wels\" data-height=\"667\" data-width=\"1000\">\n    <div id=\"metaslider_container_2961\">\n        <div id=\"metaslider_2961\">\n            <ul class='slides'>\n                <li style=\"display: block; width: 100%;\" class=\"slide-3030 ms-image \" aria-roledescription=\"slide\" data-date=\"2023-07-27 17:30:23\" data-filename=\"02-076_Ansichten.jpg\" data-slide-type=\"image\"><img loading=\"lazy\" decoding=\"async\" width=\"1000\" height=\"667\" src=\"https:\/\/maul-architekten.com\/wp-content\/uploads\/2023\/07\/02-076_Ansichten.jpg\" class=\"slider-2961 slide-3030 msDefaultImage\" alt=\"\" rel=\"\" title=\"\" style=\"margin: 0 auto; width: 100%\" srcset=\"https:\/\/maul-architekten.com\/wp-content\/uploads\/2023\/07\/02-076_Ansichten.jpg 1000w, https:\/\/maul-architekten.com\/wp-content\/uploads\/2023\/07\/02-076_Ansichten-300x200.jpg 300w, https:\/\/maul-architekten.com\/wp-content\/uploads\/2023\/07\/02-076_Ansichten-700x467.jpg 700w, https:\/\/maul-architekten.com\/wp-content\/uploads\/2023\/07\/02-076_Ansichten-768x512.jpg 768w, https:\/\/maul-architekten.com\/wp-content\/uploads\/2023\/07\/02-076_Ansichten-192x128.jpg 192w\" sizes=\"auto, (max-width: 1000px) 100vw, 1000px\" \/><\/li>\n                <li style=\"display: none; width: 100%;\" class=\"slide-3031 ms-image \" aria-roledescription=\"slide\" data-date=\"2023-07-27 17:30:23\" data-filename=\"02-076_Fassadenschnitt.jpg\" data-slide-type=\"image\"><img loading=\"lazy\" decoding=\"async\" width=\"1000\" height=\"667\" src=\"https:\/\/maul-architekten.com\/wp-content\/uploads\/2023\/07\/02-076_Fassadenschnitt.jpg\" class=\"slider-2961 slide-3031 msDefaultImage\" alt=\"\" rel=\"\" title=\"\" style=\"margin: 0 auto; width: 100%\" srcset=\"https:\/\/maul-architekten.com\/wp-content\/uploads\/2023\/07\/02-076_Fassadenschnitt.jpg 1000w, https:\/\/maul-architekten.com\/wp-content\/uploads\/2023\/07\/02-076_Fassadenschnitt-300x200.jpg 300w, https:\/\/maul-architekten.com\/wp-content\/uploads\/2023\/07\/02-076_Fassadenschnitt-700x467.jpg 700w, https:\/\/maul-architekten.com\/wp-content\/uploads\/2023\/07\/02-076_Fassadenschnitt-768x512.jpg 768w, https:\/\/maul-architekten.com\/wp-content\/uploads\/2023\/07\/02-076_Fassadenschnitt-192x128.jpg 192w\" sizes=\"auto, (max-width: 1000px) 100vw, 1000px\" \/><\/li>\n                <li style=\"display: none; width: 100%;\" class=\"slide-3032 ms-image \" aria-roledescription=\"slide\" data-date=\"2023-07-27 17:30:23\" data-filename=\"02-076_Grundriss-E0.jpg\" data-slide-type=\"image\"><img loading=\"lazy\" decoding=\"async\" width=\"1000\" height=\"667\" src=\"https:\/\/maul-architekten.com\/wp-content\/uploads\/2023\/07\/02-076_Grundriss-E0.jpg\" class=\"slider-2961 slide-3032 msDefaultImage\" alt=\"\" rel=\"\" title=\"\" style=\"margin: 0 auto; width: 100%\" srcset=\"https:\/\/maul-architekten.com\/wp-content\/uploads\/2023\/07\/02-076_Grundriss-E0.jpg 1000w, https:\/\/maul-architekten.com\/wp-content\/uploads\/2023\/07\/02-076_Grundriss-E0-300x200.jpg 300w, https:\/\/maul-architekten.com\/wp-content\/uploads\/2023\/07\/02-076_Grundriss-E0-700x467.jpg 700w, https:\/\/maul-architekten.com\/wp-content\/uploads\/2023\/07\/02-076_Grundriss-E0-768x512.jpg 768w, https:\/\/maul-architekten.com\/wp-content\/uploads\/2023\/07\/02-076_Grundriss-E0-192x128.jpg 192w\" sizes=\"auto, (max-width: 1000px) 100vw, 1000px\" \/><\/li>\n                <li style=\"display: none; width: 100%;\" class=\"slide-3037 ms-image \" aria-roledescription=\"slide\" data-date=\"2023-07-27 17:38:17\" data-filename=\"02-076_Grundriss.jpg\" data-slide-type=\"image\"><img loading=\"lazy\" decoding=\"async\" width=\"1000\" height=\"667\" src=\"https:\/\/maul-architekten.com\/wp-content\/uploads\/2023\/07\/02-076_Grundriss.jpg\" class=\"slider-2961 slide-3037 msDefaultImage\" alt=\"\" rel=\"\" title=\"\" style=\"margin: 0 auto; width: 100%\" srcset=\"https:\/\/maul-architekten.com\/wp-content\/uploads\/2023\/07\/02-076_Grundriss.jpg 1000w, https:\/\/maul-architekten.com\/wp-content\/uploads\/2023\/07\/02-076_Grundriss-300x200.jpg 300w, https:\/\/maul-architekten.com\/wp-content\/uploads\/2023\/07\/02-076_Grundriss-700x467.jpg 700w, https:\/\/maul-architekten.com\/wp-content\/uploads\/2023\/07\/02-076_Grundriss-768x512.jpg 768w, https:\/\/maul-architekten.com\/wp-content\/uploads\/2023\/07\/02-076_Grundriss-192x128.jpg 192w\" sizes=\"auto, (max-width: 1000px) 100vw, 1000px\" \/><\/li>\n                <li style=\"display: none; width: 100%;\" class=\"slide-3033 ms-image \" aria-roledescription=\"slide\" data-date=\"2023-07-27 17:30:24\" data-filename=\"02-076_Wohnungen.jpg\" data-slide-type=\"image\"><img loading=\"lazy\" decoding=\"async\" width=\"1000\" height=\"667\" src=\"https:\/\/maul-architekten.com\/wp-content\/uploads\/2023\/07\/02-076_Wohnungen.jpg\" class=\"slider-2961 slide-3033 msDefaultImage\" alt=\"\" rel=\"\" title=\"\" style=\"margin: 0 auto; width: 100%\" srcset=\"https:\/\/maul-architekten.com\/wp-content\/uploads\/2023\/07\/02-076_Wohnungen.jpg 1000w, https:\/\/maul-architekten.com\/wp-content\/uploads\/2023\/07\/02-076_Wohnungen-300x200.jpg 300w, https:\/\/maul-architekten.com\/wp-content\/uploads\/2023\/07\/02-076_Wohnungen-700x467.jpg 700w, https:\/\/maul-architekten.com\/wp-content\/uploads\/2023\/07\/02-076_Wohnungen-768x512.jpg 768w, https:\/\/maul-architekten.com\/wp-content\/uploads\/2023\/07\/02-076_Wohnungen-192x128.jpg 192w\" sizes=\"auto, (max-width: 1000px) 100vw, 1000px\" \/><\/li>\n            <\/ul>\n        <\/div>\n        \n    <\/div>\n<\/div>\n\n\n\n<p><\/p>\n\n\n\n<p><strong>Wettbewerb Altstadthaus Ringstra\u00dfe Wels<\/strong> |  2. Preis<\/p>\n\n\n\n<p>geladener Architekturwettbewerb | Bankfiliale und Boardinghouse<\/p>\n\n\n\n<p><\/p>\n\n\n\n<p>Ein neues Stadthaus entsteht, markant und bewusst in das st\u00e4dtebauliche Ensemble der Innenstadt gesetzt, mit einem Innenhof in Anlehnung an fr\u00fchere Arkadenh\u00f6fe ausgestattet, welcher den Benutzern eine Ruhe und sogleich zus\u00e4tzliche Bewegungszone bietet, mit einer Fassadengestaltung, welche sich durch seine Zonierungen und H\u00f6hen der bestehenden Bebauung angleicht und dennoch seiner Zeit gerecht wird, ein zeitgem\u00e4\u00dfes Geb\u00e4ude, welches durch seine Feinheiten allen Bewohnern und Nutzern der Stadt einen Mehrwert bietet.<\/p>\n\n\n\n<p><\/p>\n\n\n\n<p><\/p>\n\n\n\n<p><\/p>\n","protected":false},"excerpt":{"rendered":"<p>Wettbewerb Altstadthaus Ringstra\u00dfe Wels | 2. Preis geladener Architekturwettbewerb | Bankfiliale und Boardinghouse Ein neues Stadthaus entsteht, markant und bewusst in das st\u00e4dtebauliche Ensemble der Innenstadt gesetzt, mit einem Innenhof in Anlehnung an fr\u00fchere Arkadenh\u00f6fe ausgestattet, welcher den Benutzern eine Ruhe und sogleich zus\u00e4tzliche Bewegungszone bietet, mit einer Fassadengestaltung, welche sich durch seine Zonierungen und &hellip; <a href=\"https:\/\/maul-architekten.com\/?page_id=3013\" class=\"more-link\"><span class=\"screen-reader-text\">Wettbewerb Altstadthaus Ringstra\u00dfe &#8211; Wels<\/span> weiterlesen<\/a><\/p>\n","protected":false},"author":1,"featured_media":0,"parent":0,"menu_order":0,"comment_status":"closed","ping_status":"closed","template":"","meta":{"footnotes":""},"class_list":["post-3013","page","type-page","status-publish","hentry"],"_links":{"self":[{"href":"https:\/\/maul-architekten.com\/index.php?rest_route=\/wp\/v2\/pages\/3013","targetHints":{"allow":["GET"]}}],"collection":[{"href":"https:\/\/maul-architekten.com\/index.php?rest_route=\/wp\/v2\/pages"}],"about":[{"href":"https:\/\/maul-architekten.com\/index.php?rest_route=\/wp\/v2\/types\/page"}],"author":[{"embeddable":true,"href":"https:\/\/maul-architekten.com\/index.php?rest_route=\/wp\/v2\/users\/1"}],"replies":[{"embeddable":true,"href":"https:\/\/maul-architekten.com\/index.php?rest_route=%2Fwp%2Fv2%2Fcomments&post=3013"}],"version-history":[{"count":6,"href":"https:\/\/maul-architekten.com\/index.php?rest_route=\/wp\/v2\/pages\/3013\/revisions"}],"predecessor-version":[{"id":3041,"href":"https:\/\/maul-architekten.com\/index.php?rest_route=\/wp\/v2\/pages\/3013\/revisions\/3041"}],"wp:attachment":[{"href":"https:\/\/maul-architekten.com\/index.php?rest_route=%2Fwp%2Fv2%2Fmedia&parent=3013"}],"curies":[{"name":"wp","href":"https:\/\/api.w.org\/{rel}","templated":true}]}}

Wettbewerb Altstadthaus Ringstraße &#8211; Wels

<div id="metaslider-id-2961" style="max-width: 1000px;" class="ml-slider-3-108-0 metaslider metaslider-flex metaslider-2961 ml-slider ms-theme-default nav-hidden" role="region" aria-label="Wettbewerb Ringstrasse Wels" data-height="667" data-width="1000">
    <div id="metaslider_container_2961">
        <div id="metaslider_2961">
            <ul class='slides'>
                <li style="display: block; width: 100%;" class="slide-3030 ms-image " aria-roledescription="slide" data-date="2023-07-27 17:30:23" data-filename="02-076_Ansichten.jpg" data-slide-type="image"><img loading="lazy" decoding="async" width="1000" height="667" src="https://maul-architekten.com/wp-content/uploads/2023/07/02-076_Ansichten.jpg" class="slider-2961 slide-3030 msDefaultImage" alt="" rel="" title="" style="margin: 0 auto; width: 100%" srcset="https://maul-architekten.com/wp-content/uploads/2023/07/02-076_Ansichten.jpg 1000w, https://maul-architekten.com/wp-content/uploads/2023/07/02-076_Ansichten-300x200.jpg 300w, https://maul-architekten.com/wp-content/uploads/2023/07/02-076_Ansichten-700x467.jpg 700w, https://maul-architekten.com/wp-content/uploads/2023/07/02-076_Ansichten-768x512.jpg 768w, https://maul-architekten.com/wp-content/uploads/2023/07/02-076_Ansichten-192x128.jpg 192w" sizes="auto, (max-width: 1000px) 100vw, 1000px" /></li>
                <li style="display: none; width: 100%;" class="slide-3031 ms-image " aria-roledescription="slide" data-date="2023-07-27 17:30:23" data-filename="02-076_Fassadenschnitt.jpg" data-slide-type="image"><img loading="lazy" decoding="async" width="1000" height="667" src="https://maul-architekten.com/wp-content/uploads/2023/07/02-076_Fassadenschnitt.jpg" class="slider-2961 slide-3031 msDefaultImage" alt="" rel="" title="" style="margin: 0 auto; width: 100%" srcset="https://maul-architekten.com/wp-content/uploads/2023/07/02-076_Fassadenschnitt.jpg 1000w, https://maul-architekten.com/wp-content/uploads/2023/07/02-076_Fassadenschnitt-300x200.jpg 300w, https://maul-architekten.com/wp-content/uploads/2023/07/02-076_Fassadenschnitt-700x467.jpg 700w, https://maul-architekten.com/wp-content/uploads/2023/07/02-076_Fassadenschnitt-768x512.jpg 768w, https://maul-architekten.com/wp-content/uploads/2023/07/02-076_Fassadenschnitt-192x128.jpg 192w" sizes="auto, (max-width: 1000px) 100vw, 1000px" /></li>
                <li style="display: none; width: 100%;" class="slide-3032 ms-image " aria-roledescription="slide" data-date="2023-07-27 17:30:23" data-filename="02-076_Grundriss-E0.jpg" data-slide-type="image"><img loading="lazy" decoding="async" width="1000" height="667" src="https://maul-architekten.com/wp-content/uploads/2023/07/02-076_Grundriss-E0.jpg" class="slider-2961 slide-3032 msDefaultImage" alt="" rel="" title="" style="margin: 0 auto; width: 100%" srcset="https://maul-architekten.com/wp-content/uploads/2023/07/02-076_Grundriss-E0.jpg 1000w, https://maul-architekten.com/wp-content/uploads/2023/07/02-076_Grundriss-E0-300x200.jpg 300w, https://maul-architekten.com/wp-content/uploads/2023/07/02-076_Grundriss-E0-700x467.jpg 700w, https://maul-architekten.com/wp-content/uploads/2023/07/02-076_Grundriss-E0-768x512.jpg 768w, https://maul-architekten.com/wp-content/uploads/2023/07/02-076_Grundriss-E0-192x128.jpg 192w" sizes="auto, (max-width: 1000px) 100vw, 1000px" /></li>
                <li style="display: none; width: 100%;" class="slide-3037 ms-image " aria-roledescription="slide" data-date="2023-07-27 17:38:17" data-filename="02-076_Grundriss.jpg" data-slide-type="image"><img loading="lazy" decoding="async" width="1000" height="667" src="https://maul-architekten.com/wp-content/uploads/2023/07/02-076_Grundriss.jpg" class="slider-2961 slide-3037 msDefaultImage" alt="" rel="" title="" style="margin: 0 auto; width: 100%" srcset="https://maul-architekten.com/wp-content/uploads/2023/07/02-076_Grundriss.jpg 1000w, https://maul-architekten.com/wp-content/uploads/2023/07/02-076_Grundriss-300x200.jpg 300w, https://maul-architekten.com/wp-content/uploads/2023/07/02-076_Grundriss-700x467.jpg 700w, https://maul-architekten.com/wp-content/uploads/2023/07/02-076_Grundriss-768x512.jpg 768w, https://maul-architekten.com/wp-content/uploads/2023/07/02-076_Grundriss-192x128.jpg 192w" sizes="auto, (max-width: 1000px) 100vw, 1000px" /></li>
                <li style="display: none; width: 100%;" class="slide-3033 ms-image " aria-roledescription="slide" data-date="2023-07-27 17:30:24" data-filename="02-076_Wohnungen.jpg" data-slide-type="image"><img loading="lazy" decoding="async" width="1000" height="667" src="https://maul-architekten.com/wp-content/uploads/2023/07/02-076_Wohnungen.jpg" class="slider-2961 slide-3033 msDefaultImage" alt="" rel="" title="" style="margin: 0 auto; width: 100%" srcset="https://maul-architekten.com/wp-content/uploads/2023/07/02-076_Wohnungen.jpg 1000w, https://maul-architekten.com/wp-content/uploads/2023/07/02-076_Wohnungen-300x200.jpg 300w, https://maul-architekten.com/wp-content/uploads/2023/07/02-076_Wohnungen-700x467.jpg 700w, https://maul-architekten.com/wp-content/uploads/2023/07/02-076_Wohnungen-768x512.jpg 768w, https://maul-architekten.com/wp-content/uploads/2023/07/02-076_Wohnungen-192x128.jpg 192w" sizes="auto, (max-width: 1000px) 100vw, 1000px" /></li>
            </ul>
        </div>
        
    </div>
</div>



<p></p>



<p><strong>Wettbewerb Altstadthaus Ringstraße Wels</strong> |  2. Preis</p>



<p>geladener Architekturwettbewerb | Bankfiliale und Boardinghouse</p>



<p></p>



<p>Ein neues Stadthaus entsteht, markant und bewusst in das städtebauliche Ensemble der Innenstadt gesetzt, mit einem Innenhof in Anlehnung an frühere Arkadenhöfe ausgestattet, welcher den Benutzern eine Ruhe und sogleich zusätzliche Bewegungszone bietet, mit einer Fassadengestaltung, welche sich durch seine Zonierungen und Höhen der bestehenden Bebauung angleicht und dennoch seiner Zeit gerecht wird, ein zeitgemäßes Gebäude, welches durch seine Feinheiten allen Bewohnern und Nutzern der Stadt einen Mehrwert bietet.</p>



<p></p>



<p></p>



<p></p>

<p>Wettbewerb Altstadthaus Ringstraße Wels | 2. Preis geladener Architekturwettbewerb | Bankfiliale und Boardinghouse Ein neues Stadthaus entsteht, markant und bewusst in das städtebauliche Ensemble der Innenstadt gesetzt, mit einem Innenhof in Anlehnung an frühere Arkadenhöfe ausgestattet, welcher den Benutzern eine Ruhe und sogleich zusätzliche Bewegungszone bietet, mit einer Fassadengestaltung, welche sich durch seine Zonierungen und &hellip; <a href="https://maul-architekten.com/?page_id=3013" class="more-link"><span class="screen-reader-text">Wettbewerb Altstadthaus Ringstraße &#8211; Wels</span> weiterlesen</a></p>
