{"id":2940,"date":"2023-07-27T12:36:24","date_gmt":"2023-07-27T10:36:24","guid":{"rendered":"https:\/\/maul-architekten.com\/?page_id=2940"},"modified":"2023-07-27T13:39:44","modified_gmt":"2023-07-27T11:39:44","slug":"wettbewerb-kindergarten-neukirchen-an-der-voeckla","status":"publish","type":"page","link":"https:\/\/maul-architekten.com\/?page_id=2940","title":{"rendered":"Wettbewerb Kiga &#8211; Neukirchen an der V\u00f6ckla"},"content":{"rendered":"<div id=\"metaslider-id-2950\" style=\"max-width: 1000px;\" class=\"ml-slider-3-108-0 metaslider metaslider-flex metaslider-2950 ml-slider ms-theme-default nav-hidden\" role=\"region\" aria-label=\"Wettbewerb Kiga - Neukirchen an der V\u00f6ckla\" data-height=\"667\" data-width=\"1000\">\n    <div id=\"metaslider_container_2950\">\n        <div id=\"metaslider_2950\">\n            <ul class='slides'>\n                <li style=\"display: block; width: 100%;\" class=\"slide-2952 ms-image \" aria-roledescription=\"slide\" data-date=\"2023-07-27 12:43:39\" data-filename=\"02-100-Modellfoto-1_sw.jpg\" data-slide-type=\"image\"><img loading=\"lazy\" decoding=\"async\" width=\"1000\" height=\"667\" src=\"https:\/\/maul-architekten.com\/wp-content\/uploads\/2023\/07\/02-100-Modellfoto-1_sw.jpg\" class=\"slider-2950 slide-2952 msDefaultImage\" alt=\"\" rel=\"\" title=\"\" style=\"margin: 0 auto; width: 100%\" srcset=\"https:\/\/maul-architekten.com\/wp-content\/uploads\/2023\/07\/02-100-Modellfoto-1_sw.jpg 1000w, https:\/\/maul-architekten.com\/wp-content\/uploads\/2023\/07\/02-100-Modellfoto-1_sw-300x200.jpg 300w, https:\/\/maul-architekten.com\/wp-content\/uploads\/2023\/07\/02-100-Modellfoto-1_sw-700x467.jpg 700w, https:\/\/maul-architekten.com\/wp-content\/uploads\/2023\/07\/02-100-Modellfoto-1_sw-768x512.jpg 768w, https:\/\/maul-architekten.com\/wp-content\/uploads\/2023\/07\/02-100-Modellfoto-1_sw-192x128.jpg 192w\" sizes=\"auto, (max-width: 1000px) 100vw, 1000px\" \/><\/li>\n                <li style=\"display: none; width: 100%;\" class=\"slide-2958 ms-image \" aria-roledescription=\"slide\" data-date=\"2023-07-27 12:44:00\" data-filename=\"Modell-2-1.jpg\" data-slide-type=\"image\"><img loading=\"lazy\" decoding=\"async\" width=\"1000\" height=\"667\" src=\"https:\/\/maul-architekten.com\/wp-content\/uploads\/2023\/07\/Modell-2-1.jpg\" class=\"slider-2950 slide-2958 msDefaultImage\" alt=\"\" rel=\"\" title=\"\" style=\"margin: 0 auto; width: 100%\" srcset=\"https:\/\/maul-architekten.com\/wp-content\/uploads\/2023\/07\/Modell-2-1.jpg 1000w, https:\/\/maul-architekten.com\/wp-content\/uploads\/2023\/07\/Modell-2-1-300x200.jpg 300w, https:\/\/maul-architekten.com\/wp-content\/uploads\/2023\/07\/Modell-2-1-700x467.jpg 700w, https:\/\/maul-architekten.com\/wp-content\/uploads\/2023\/07\/Modell-2-1-768x512.jpg 768w, https:\/\/maul-architekten.com\/wp-content\/uploads\/2023\/07\/Modell-2-1-192x128.jpg 192w\" sizes=\"auto, (max-width: 1000px) 100vw, 1000px\" \/><\/li>\n                <li style=\"display: none; width: 100%;\" class=\"slide-2956 ms-image \" aria-roledescription=\"slide\" data-date=\"2023-07-27 12:44:00\" data-filename=\"02-100-Modellfoto-3.jpg\" data-slide-type=\"image\"><img loading=\"lazy\" decoding=\"async\" width=\"1000\" height=\"667\" src=\"https:\/\/maul-architekten.com\/wp-content\/uploads\/2023\/07\/02-100-Modellfoto-3.jpg\" class=\"slider-2950 slide-2956 msDefaultImage\" alt=\"\" rel=\"\" title=\"\" style=\"margin: 0 auto; width: 100%\" srcset=\"https:\/\/maul-architekten.com\/wp-content\/uploads\/2023\/07\/02-100-Modellfoto-3.jpg 1000w, https:\/\/maul-architekten.com\/wp-content\/uploads\/2023\/07\/02-100-Modellfoto-3-300x200.jpg 300w, https:\/\/maul-architekten.com\/wp-content\/uploads\/2023\/07\/02-100-Modellfoto-3-700x467.jpg 700w, https:\/\/maul-architekten.com\/wp-content\/uploads\/2023\/07\/02-100-Modellfoto-3-768x512.jpg 768w, https:\/\/maul-architekten.com\/wp-content\/uploads\/2023\/07\/02-100-Modellfoto-3-192x128.jpg 192w\" sizes=\"auto, (max-width: 1000px) 100vw, 1000px\" \/><\/li>\n                <li style=\"display: none; width: 100%;\" class=\"slide-2967 ms-image \" aria-roledescription=\"slide\" data-date=\"2023-07-27 13:11:37\" data-filename=\"02-100-Lageplan-1.jpg\" data-slide-type=\"image\"><img loading=\"lazy\" decoding=\"async\" width=\"1000\" height=\"667\" src=\"https:\/\/maul-architekten.com\/wp-content\/uploads\/2023\/07\/02-100-Lageplan-1.jpg\" class=\"slider-2950 slide-2967 msDefaultImage\" alt=\"\" rel=\"\" title=\"\" style=\"margin: 0 auto; width: 100%\" srcset=\"https:\/\/maul-architekten.com\/wp-content\/uploads\/2023\/07\/02-100-Lageplan-1.jpg 1000w, https:\/\/maul-architekten.com\/wp-content\/uploads\/2023\/07\/02-100-Lageplan-1-300x200.jpg 300w, https:\/\/maul-architekten.com\/wp-content\/uploads\/2023\/07\/02-100-Lageplan-1-700x467.jpg 700w, https:\/\/maul-architekten.com\/wp-content\/uploads\/2023\/07\/02-100-Lageplan-1-768x512.jpg 768w, https:\/\/maul-architekten.com\/wp-content\/uploads\/2023\/07\/02-100-Lageplan-1-192x128.jpg 192w\" sizes=\"auto, (max-width: 1000px) 100vw, 1000px\" \/><\/li>\n                <li style=\"display: none; width: 100%;\" class=\"slide-2966 ms-image \" aria-roledescription=\"slide\" data-date=\"2023-07-27 13:11:36\" data-filename=\"02-100-Grundriss-1.jpg\" data-slide-type=\"image\"><img loading=\"lazy\" decoding=\"async\" width=\"1000\" height=\"667\" src=\"https:\/\/maul-architekten.com\/wp-content\/uploads\/2023\/07\/02-100-Grundriss-1.jpg\" class=\"slider-2950 slide-2966 msDefaultImage\" alt=\"\" rel=\"\" title=\"\" style=\"margin: 0 auto; width: 100%\" srcset=\"https:\/\/maul-architekten.com\/wp-content\/uploads\/2023\/07\/02-100-Grundriss-1.jpg 1000w, https:\/\/maul-architekten.com\/wp-content\/uploads\/2023\/07\/02-100-Grundriss-1-300x200.jpg 300w, https:\/\/maul-architekten.com\/wp-content\/uploads\/2023\/07\/02-100-Grundriss-1-700x467.jpg 700w, https:\/\/maul-architekten.com\/wp-content\/uploads\/2023\/07\/02-100-Grundriss-1-768x512.jpg 768w, https:\/\/maul-architekten.com\/wp-content\/uploads\/2023\/07\/02-100-Grundriss-1-192x128.jpg 192w\" sizes=\"auto, (max-width: 1000px) 100vw, 1000px\" \/><\/li>\n                <li style=\"display: none; width: 100%;\" class=\"slide-2968 ms-image \" aria-roledescription=\"slide\" data-date=\"2023-07-27 13:11:37\" data-filename=\"02-100-Schnitte.jpg\" data-slide-type=\"image\"><img loading=\"lazy\" decoding=\"async\" width=\"1000\" height=\"667\" src=\"https:\/\/maul-architekten.com\/wp-content\/uploads\/2023\/07\/02-100-Schnitte.jpg\" class=\"slider-2950 slide-2968 msDefaultImage\" alt=\"\" rel=\"\" title=\"\" style=\"margin: 0 auto; width: 100%\" srcset=\"https:\/\/maul-architekten.com\/wp-content\/uploads\/2023\/07\/02-100-Schnitte.jpg 1000w, https:\/\/maul-architekten.com\/wp-content\/uploads\/2023\/07\/02-100-Schnitte-300x200.jpg 300w, https:\/\/maul-architekten.com\/wp-content\/uploads\/2023\/07\/02-100-Schnitte-700x467.jpg 700w, https:\/\/maul-architekten.com\/wp-content\/uploads\/2023\/07\/02-100-Schnitte-768x512.jpg 768w, https:\/\/maul-architekten.com\/wp-content\/uploads\/2023\/07\/02-100-Schnitte-192x128.jpg 192w\" sizes=\"auto, (max-width: 1000px) 100vw, 1000px\" \/><\/li>\n                <li style=\"display: none; width: 100%;\" class=\"slide-2988 ms-image \" aria-roledescription=\"slide\" data-date=\"2023-07-27 15:17:45\" data-filename=\"02-100-Fassade.jpg\" data-slide-type=\"image\"><img loading=\"lazy\" decoding=\"async\" width=\"1000\" height=\"667\" src=\"https:\/\/maul-architekten.com\/wp-content\/uploads\/2023\/07\/02-100-Fassade.jpg\" class=\"slider-2950 slide-2988 msDefaultImage\" alt=\"\" rel=\"\" title=\"\" style=\"margin: 0 auto; width: 100%\" srcset=\"https:\/\/maul-architekten.com\/wp-content\/uploads\/2023\/07\/02-100-Fassade.jpg 1000w, https:\/\/maul-architekten.com\/wp-content\/uploads\/2023\/07\/02-100-Fassade-300x200.jpg 300w, https:\/\/maul-architekten.com\/wp-content\/uploads\/2023\/07\/02-100-Fassade-700x467.jpg 700w, https:\/\/maul-architekten.com\/wp-content\/uploads\/2023\/07\/02-100-Fassade-768x512.jpg 768w, https:\/\/maul-architekten.com\/wp-content\/uploads\/2023\/07\/02-100-Fassade-192x128.jpg 192w\" sizes=\"auto, (max-width: 1000px) 100vw, 1000px\" \/><\/li>\n            <\/ul>\n        <\/div>\n        \n    <\/div>\n<\/div>\n\n\n\n<p><\/p>\n\n\n\n<p><strong>Wettbewerb Kindergarten &#8211; Neukirchen an der V\u00f6ckla<\/strong> |  2. Runde<\/p>\n\n\n\n<p>geladener Architekturwettbewerb <\/p>\n\n\n\n<p><\/p>\n\n\n\n<p>Die st\u00e4dtebauliche Anordnung der neuen Bauk\u00f6rper generiert einen klaren verkehrsberuhigten Vorplatz zwischen der \u201eHighline\u201c anmutenden Freifl\u00e4che der ehemaligen Bahngleise, der Zufahrtsstra\u00dfe, dem neu aufgespannten Dorfplatz mit Verbindung zur Pfarrkirche und dem Hauptzugang der Kinderbetreuungseinrichtung. Der Bauk\u00f6rper wird mit einer L-f\u00f6rmigen Pergola r\u00e4umlich gefasst und der entstehende Innenhof als Freib\u00fchne, Spielbereich und Naschobstwiese als ganzj\u00e4hrig nutzbarer Bereich f\u00fcr die Kinder vorgesehen.<\/p>\n\n\n\n<p>Der Kindergarten wird in einem\u00a0zentral durchgesteckten Spielflur,<strong> <\/strong>welcher nur grundthemperiert wird und das Bindeglied zwischen au\u00dfen und innen darstellt, erschlossen. Dieser l\u00e4sst sich mit gro\u00dfformatigen Schiebeelementen Richtung S\u00fcden zum ruhigen Innenhof \u00f6ffnen und erm\u00f6glicht somit eine verschr\u00e4nkte ganzt\u00e4gliche Nutzung.<\/p>\n\n\n\n<p><\/p>\n\n\n\n<p><\/p>\n\n\n\n<p class=\"has-cyan-bluish-gray-color has-text-color\">Modell&nbsp;&nbsp;&nbsp;&nbsp;&nbsp;&nbsp;&nbsp;&nbsp;&nbsp;&nbsp;&nbsp;&nbsp;&nbsp;&nbsp;&nbsp;&nbsp;&nbsp;&nbsp; &nbsp;&nbsp; mattweiss<\/p>\n","protected":false},"excerpt":{"rendered":"<p>Wettbewerb Kindergarten &#8211; Neukirchen an der V\u00f6ckla | 2. Runde geladener Architekturwettbewerb Die st\u00e4dtebauliche Anordnung der neuen Bauk\u00f6rper generiert einen klaren verkehrsberuhigten Vorplatz zwischen der \u201eHighline\u201c anmutenden Freifl\u00e4che der ehemaligen Bahngleise, der Zufahrtsstra\u00dfe, dem neu aufgespannten Dorfplatz mit Verbindung zur Pfarrkirche und dem Hauptzugang der Kinderbetreuungseinrichtung. Der Bauk\u00f6rper wird mit einer L-f\u00f6rmigen Pergola r\u00e4umlich gefasst &hellip; <a href=\"https:\/\/maul-architekten.com\/?page_id=2940\" class=\"more-link\"><span class=\"screen-reader-text\">Wettbewerb Kiga &#8211; Neukirchen an der V\u00f6ckla<\/span> weiterlesen<\/a><\/p>\n","protected":false},"author":1,"featured_media":0,"parent":0,"menu_order":0,"comment_status":"closed","ping_status":"closed","template":"","meta":{"footnotes":""},"class_list":["post-2940","page","type-page","status-publish","hentry"],"_links":{"self":[{"href":"https:\/\/maul-architekten.com\/index.php?rest_route=\/wp\/v2\/pages\/2940","targetHints":{"allow":["GET"]}}],"collection":[{"href":"https:\/\/maul-architekten.com\/index.php?rest_route=\/wp\/v2\/pages"}],"about":[{"href":"https:\/\/maul-architekten.com\/index.php?rest_route=\/wp\/v2\/types\/page"}],"author":[{"embeddable":true,"href":"https:\/\/maul-architekten.com\/index.php?rest_route=\/wp\/v2\/users\/1"}],"replies":[{"embeddable":true,"href":"https:\/\/maul-architekten.com\/index.php?rest_route=%2Fwp%2Fv2%2Fcomments&post=2940"}],"version-history":[{"count":12,"href":"https:\/\/maul-architekten.com\/index.php?rest_route=\/wp\/v2\/pages\/2940\/revisions"}],"predecessor-version":[{"id":2980,"href":"https:\/\/maul-architekten.com\/index.php?rest_route=\/wp\/v2\/pages\/2940\/revisions\/2980"}],"wp:attachment":[{"href":"https:\/\/maul-architekten.com\/index.php?rest_route=%2Fwp%2Fv2%2Fmedia&parent=2940"}],"curies":[{"name":"wp","href":"https:\/\/api.w.org\/{rel}","templated":true}]}}

Wettbewerb Kiga &#8211; Neukirchen an der Vöckla

<div id="metaslider-id-2950" style="max-width: 1000px;" class="ml-slider-3-108-0 metaslider metaslider-flex metaslider-2950 ml-slider ms-theme-default nav-hidden" role="region" aria-label="Wettbewerb Kiga - Neukirchen an der Vöckla" data-height="667" data-width="1000">
    <div id="metaslider_container_2950">
        <div id="metaslider_2950">
            <ul class='slides'>
                <li style="display: block; width: 100%;" class="slide-2952 ms-image " aria-roledescription="slide" data-date="2023-07-27 12:43:39" data-filename="02-100-Modellfoto-1_sw.jpg" data-slide-type="image"><img loading="lazy" decoding="async" width="1000" height="667" src="https://maul-architekten.com/wp-content/uploads/2023/07/02-100-Modellfoto-1_sw.jpg" class="slider-2950 slide-2952 msDefaultImage" alt="" rel="" title="" style="margin: 0 auto; width: 100%" srcset="https://maul-architekten.com/wp-content/uploads/2023/07/02-100-Modellfoto-1_sw.jpg 1000w, https://maul-architekten.com/wp-content/uploads/2023/07/02-100-Modellfoto-1_sw-300x200.jpg 300w, https://maul-architekten.com/wp-content/uploads/2023/07/02-100-Modellfoto-1_sw-700x467.jpg 700w, https://maul-architekten.com/wp-content/uploads/2023/07/02-100-Modellfoto-1_sw-768x512.jpg 768w, https://maul-architekten.com/wp-content/uploads/2023/07/02-100-Modellfoto-1_sw-192x128.jpg 192w" sizes="auto, (max-width: 1000px) 100vw, 1000px" /></li>
                <li style="display: none; width: 100%;" class="slide-2958 ms-image " aria-roledescription="slide" data-date="2023-07-27 12:44:00" data-filename="Modell-2-1.jpg" data-slide-type="image"><img loading="lazy" decoding="async" width="1000" height="667" src="https://maul-architekten.com/wp-content/uploads/2023/07/Modell-2-1.jpg" class="slider-2950 slide-2958 msDefaultImage" alt="" rel="" title="" style="margin: 0 auto; width: 100%" srcset="https://maul-architekten.com/wp-content/uploads/2023/07/Modell-2-1.jpg 1000w, https://maul-architekten.com/wp-content/uploads/2023/07/Modell-2-1-300x200.jpg 300w, https://maul-architekten.com/wp-content/uploads/2023/07/Modell-2-1-700x467.jpg 700w, https://maul-architekten.com/wp-content/uploads/2023/07/Modell-2-1-768x512.jpg 768w, https://maul-architekten.com/wp-content/uploads/2023/07/Modell-2-1-192x128.jpg 192w" sizes="auto, (max-width: 1000px) 100vw, 1000px" /></li>
                <li style="display: none; width: 100%;" class="slide-2956 ms-image " aria-roledescription="slide" data-date="2023-07-27 12:44:00" data-filename="02-100-Modellfoto-3.jpg" data-slide-type="image"><img loading="lazy" decoding="async" width="1000" height="667" src="https://maul-architekten.com/wp-content/uploads/2023/07/02-100-Modellfoto-3.jpg" class="slider-2950 slide-2956 msDefaultImage" alt="" rel="" title="" style="margin: 0 auto; width: 100%" srcset="https://maul-architekten.com/wp-content/uploads/2023/07/02-100-Modellfoto-3.jpg 1000w, https://maul-architekten.com/wp-content/uploads/2023/07/02-100-Modellfoto-3-300x200.jpg 300w, https://maul-architekten.com/wp-content/uploads/2023/07/02-100-Modellfoto-3-700x467.jpg 700w, https://maul-architekten.com/wp-content/uploads/2023/07/02-100-Modellfoto-3-768x512.jpg 768w, https://maul-architekten.com/wp-content/uploads/2023/07/02-100-Modellfoto-3-192x128.jpg 192w" sizes="auto, (max-width: 1000px) 100vw, 1000px" /></li>
                <li style="display: none; width: 100%;" class="slide-2967 ms-image " aria-roledescription="slide" data-date="2023-07-27 13:11:37" data-filename="02-100-Lageplan-1.jpg" data-slide-type="image"><img loading="lazy" decoding="async" width="1000" height="667" src="https://maul-architekten.com/wp-content/uploads/2023/07/02-100-Lageplan-1.jpg" class="slider-2950 slide-2967 msDefaultImage" alt="" rel="" title="" style="margin: 0 auto; width: 100%" srcset="https://maul-architekten.com/wp-content/uploads/2023/07/02-100-Lageplan-1.jpg 1000w, https://maul-architekten.com/wp-content/uploads/2023/07/02-100-Lageplan-1-300x200.jpg 300w, https://maul-architekten.com/wp-content/uploads/2023/07/02-100-Lageplan-1-700x467.jpg 700w, https://maul-architekten.com/wp-content/uploads/2023/07/02-100-Lageplan-1-768x512.jpg 768w, https://maul-architekten.com/wp-content/uploads/2023/07/02-100-Lageplan-1-192x128.jpg 192w" sizes="auto, (max-width: 1000px) 100vw, 1000px" /></li>
                <li style="display: none; width: 100%;" class="slide-2966 ms-image " aria-roledescription="slide" data-date="2023-07-27 13:11:36" data-filename="02-100-Grundriss-1.jpg" data-slide-type="image"><img loading="lazy" decoding="async" width="1000" height="667" src="https://maul-architekten.com/wp-content/uploads/2023/07/02-100-Grundriss-1.jpg" class="slider-2950 slide-2966 msDefaultImage" alt="" rel="" title="" style="margin: 0 auto; width: 100%" srcset="https://maul-architekten.com/wp-content/uploads/2023/07/02-100-Grundriss-1.jpg 1000w, https://maul-architekten.com/wp-content/uploads/2023/07/02-100-Grundriss-1-300x200.jpg 300w, https://maul-architekten.com/wp-content/uploads/2023/07/02-100-Grundriss-1-700x467.jpg 700w, https://maul-architekten.com/wp-content/uploads/2023/07/02-100-Grundriss-1-768x512.jpg 768w, https://maul-architekten.com/wp-content/uploads/2023/07/02-100-Grundriss-1-192x128.jpg 192w" sizes="auto, (max-width: 1000px) 100vw, 1000px" /></li>
                <li style="display: none; width: 100%;" class="slide-2968 ms-image " aria-roledescription="slide" data-date="2023-07-27 13:11:37" data-filename="02-100-Schnitte.jpg" data-slide-type="image"><img loading="lazy" decoding="async" width="1000" height="667" src="https://maul-architekten.com/wp-content/uploads/2023/07/02-100-Schnitte.jpg" class="slider-2950 slide-2968 msDefaultImage" alt="" rel="" title="" style="margin: 0 auto; width: 100%" srcset="https://maul-architekten.com/wp-content/uploads/2023/07/02-100-Schnitte.jpg 1000w, https://maul-architekten.com/wp-content/uploads/2023/07/02-100-Schnitte-300x200.jpg 300w, https://maul-architekten.com/wp-content/uploads/2023/07/02-100-Schnitte-700x467.jpg 700w, https://maul-architekten.com/wp-content/uploads/2023/07/02-100-Schnitte-768x512.jpg 768w, https://maul-architekten.com/wp-content/uploads/2023/07/02-100-Schnitte-192x128.jpg 192w" sizes="auto, (max-width: 1000px) 100vw, 1000px" /></li>
                <li style="display: none; width: 100%;" class="slide-2988 ms-image " aria-roledescription="slide" data-date="2023-07-27 15:17:45" data-filename="02-100-Fassade.jpg" data-slide-type="image"><img loading="lazy" decoding="async" width="1000" height="667" src="https://maul-architekten.com/wp-content/uploads/2023/07/02-100-Fassade.jpg" class="slider-2950 slide-2988 msDefaultImage" alt="" rel="" title="" style="margin: 0 auto; width: 100%" srcset="https://maul-architekten.com/wp-content/uploads/2023/07/02-100-Fassade.jpg 1000w, https://maul-architekten.com/wp-content/uploads/2023/07/02-100-Fassade-300x200.jpg 300w, https://maul-architekten.com/wp-content/uploads/2023/07/02-100-Fassade-700x467.jpg 700w, https://maul-architekten.com/wp-content/uploads/2023/07/02-100-Fassade-768x512.jpg 768w, https://maul-architekten.com/wp-content/uploads/2023/07/02-100-Fassade-192x128.jpg 192w" sizes="auto, (max-width: 1000px) 100vw, 1000px" /></li>
            </ul>
        </div>
        
    </div>
</div>



<p></p>



<p><strong>Wettbewerb Kindergarten &#8211; Neukirchen an der Vöckla</strong> |  2. Runde</p>



<p>geladener Architekturwettbewerb </p>



<p></p>



<p>Die städtebauliche Anordnung der neuen Baukörper generiert einen klaren verkehrsberuhigten Vorplatz zwischen der „Highline“ anmutenden Freifläche der ehemaligen Bahngleise, der Zufahrtsstraße, dem neu aufgespannten Dorfplatz mit Verbindung zur Pfarrkirche und dem Hauptzugang der Kinderbetreuungseinrichtung. Der Baukörper wird mit einer L-förmigen Pergola räumlich gefasst und der entstehende Innenhof als Freibühne, Spielbereich und Naschobstwiese als ganzjährig nutzbarer Bereich für die Kinder vorgesehen.</p>



<p>Der Kindergarten wird in einem zentral durchgesteckten Spielflur,<strong> </strong>welcher nur grundthemperiert wird und das Bindeglied zwischen außen und innen darstellt, erschlossen. Dieser lässt sich mit großformatigen Schiebeelementen Richtung Süden zum ruhigen Innenhof öffnen und ermöglicht somit eine verschränkte ganztägliche Nutzung.</p>



<p></p>



<p></p>



<p class="has-cyan-bluish-gray-color has-text-color">Modell&nbsp;&nbsp;&nbsp;&nbsp;&nbsp;&nbsp;&nbsp;&nbsp;&nbsp;&nbsp;&nbsp;&nbsp;&nbsp;&nbsp;&nbsp;&nbsp;&nbsp;&nbsp; &nbsp;&nbsp; mattweiss</p>

<p>Wettbewerb Kindergarten &#8211; Neukirchen an der Vöckla | 2. Runde geladener Architekturwettbewerb Die städtebauliche Anordnung der neuen Baukörper generiert einen klaren verkehrsberuhigten Vorplatz zwischen der „Highline“ anmutenden Freifläche der ehemaligen Bahngleise, der Zufahrtsstraße, dem neu aufgespannten Dorfplatz mit Verbindung zur Pfarrkirche und dem Hauptzugang der Kinderbetreuungseinrichtung. Der Baukörper wird mit einer L-förmigen Pergola räumlich gefasst &hellip; <a href="https://maul-architekten.com/?page_id=2940" class="more-link"><span class="screen-reader-text">Wettbewerb Kiga &#8211; Neukirchen an der Vöckla</span> weiterlesen</a></p>
