{"id":1812,"date":"2020-05-29T16:27:37","date_gmt":"2020-05-29T14:27:37","guid":{"rendered":"http:\/\/maul-architekten.com\/?page_id=1812"},"modified":"2020-05-31T19:51:25","modified_gmt":"2020-05-31T17:51:25","slug":"wettbewerb-turnsaalzentrum-kriehubergasse-wien","status":"publish","type":"page","link":"https:\/\/maul-architekten.com\/?page_id=1812","title":{"rendered":"Wettbewerb Turnsaalzentrum Kriehubergasse &#8211; Wien"},"content":{"rendered":"<div id=\"metaslider-id-1807\" style=\"max-width: 1000px;\" class=\"ml-slider-3-108-0 metaslider metaslider-flex metaslider-1807 ml-slider ms-theme-default nav-hidden\" role=\"region\" aria-label=\"wbw kriehubergasse\" data-height=\"667\" data-width=\"1000\">\n    <div id=\"metaslider_container_1807\">\n        <div id=\"metaslider_1807\">\n            <ul class='slides'>\n                <li style=\"display: block; width: 100%;\" class=\"slide-1826 ms-image \" aria-roledescription=\"slide\" data-date=\"2020-05-29 16:22:50\" data-filename=\"PICTOS_-1.jpg\" data-slide-type=\"image\"><img loading=\"lazy\" decoding=\"async\" width=\"1000\" height=\"667\" src=\"https:\/\/maul-architekten.com\/wp-content\/uploads\/2020\/05\/PICTOS_-1.jpg\" class=\"slider-1807 slide-1826 msDefaultImage\" alt=\"\" rel=\"\" title=\"\" style=\"margin: 0 auto; width: 100%\" srcset=\"https:\/\/maul-architekten.com\/wp-content\/uploads\/2020\/05\/PICTOS_-1.jpg 1000w, https:\/\/maul-architekten.com\/wp-content\/uploads\/2020\/05\/PICTOS_-1-300x200.jpg 300w, https:\/\/maul-architekten.com\/wp-content\/uploads\/2020\/05\/PICTOS_-1-700x467.jpg 700w, https:\/\/maul-architekten.com\/wp-content\/uploads\/2020\/05\/PICTOS_-1-768x512.jpg 768w, https:\/\/maul-architekten.com\/wp-content\/uploads\/2020\/05\/PICTOS_-1-192x128.jpg 192w\" sizes=\"auto, (max-width: 1000px) 100vw, 1000px\" \/><\/li>\n                <li style=\"display: none; width: 100%;\" class=\"slide-1828 ms-image \" aria-roledescription=\"slide\" data-date=\"2020-05-29 16:23:04\" data-filename=\"LAGEPLAN_-1.jpg\" data-slide-type=\"image\"><img loading=\"lazy\" decoding=\"async\" width=\"1000\" height=\"667\" src=\"https:\/\/maul-architekten.com\/wp-content\/uploads\/2020\/05\/LAGEPLAN_-1.jpg\" class=\"slider-1807 slide-1828 msDefaultImage\" alt=\"\" rel=\"\" title=\"\" style=\"margin: 0 auto; width: 100%\" srcset=\"https:\/\/maul-architekten.com\/wp-content\/uploads\/2020\/05\/LAGEPLAN_-1.jpg 1000w, https:\/\/maul-architekten.com\/wp-content\/uploads\/2020\/05\/LAGEPLAN_-1-300x200.jpg 300w, https:\/\/maul-architekten.com\/wp-content\/uploads\/2020\/05\/LAGEPLAN_-1-700x467.jpg 700w, https:\/\/maul-architekten.com\/wp-content\/uploads\/2020\/05\/LAGEPLAN_-1-768x512.jpg 768w, https:\/\/maul-architekten.com\/wp-content\/uploads\/2020\/05\/LAGEPLAN_-1-192x128.jpg 192w\" sizes=\"auto, (max-width: 1000px) 100vw, 1000px\" \/><\/li>\n                <li style=\"display: none; width: 100%;\" class=\"slide-1830 ms-image \" aria-roledescription=\"slide\" data-date=\"2020-05-29 16:23:16\" data-filename=\"EG_-1.jpg\" data-slide-type=\"image\"><img loading=\"lazy\" decoding=\"async\" width=\"1000\" height=\"667\" src=\"https:\/\/maul-architekten.com\/wp-content\/uploads\/2020\/05\/EG_-1.jpg\" class=\"slider-1807 slide-1830 msDefaultImage\" alt=\"\" rel=\"\" title=\"EG_\" style=\"margin: 0 auto; width: 100%\" srcset=\"https:\/\/maul-architekten.com\/wp-content\/uploads\/2020\/05\/EG_-1.jpg 1000w, https:\/\/maul-architekten.com\/wp-content\/uploads\/2020\/05\/EG_-1-300x200.jpg 300w, https:\/\/maul-architekten.com\/wp-content\/uploads\/2020\/05\/EG_-1-700x467.jpg 700w, https:\/\/maul-architekten.com\/wp-content\/uploads\/2020\/05\/EG_-1-768x512.jpg 768w, https:\/\/maul-architekten.com\/wp-content\/uploads\/2020\/05\/EG_-1-192x128.jpg 192w\" sizes=\"auto, (max-width: 1000px) 100vw, 1000px\" \/><\/li>\n                <li style=\"display: none; width: 100%;\" class=\"slide-1832 ms-image \" aria-roledescription=\"slide\" data-date=\"2020-05-29 16:23:28\" data-filename=\"U1_-1.jpg\" data-slide-type=\"image\"><img loading=\"lazy\" decoding=\"async\" width=\"1000\" height=\"667\" src=\"https:\/\/maul-architekten.com\/wp-content\/uploads\/2020\/05\/U1_-1.jpg\" class=\"slider-1807 slide-1832 msDefaultImage\" alt=\"\" rel=\"\" title=\"U1_\" style=\"margin: 0 auto; width: 100%\" srcset=\"https:\/\/maul-architekten.com\/wp-content\/uploads\/2020\/05\/U1_-1.jpg 1000w, https:\/\/maul-architekten.com\/wp-content\/uploads\/2020\/05\/U1_-1-300x200.jpg 300w, https:\/\/maul-architekten.com\/wp-content\/uploads\/2020\/05\/U1_-1-700x467.jpg 700w, https:\/\/maul-architekten.com\/wp-content\/uploads\/2020\/05\/U1_-1-768x512.jpg 768w, https:\/\/maul-architekten.com\/wp-content\/uploads\/2020\/05\/U1_-1-192x128.jpg 192w\" sizes=\"auto, (max-width: 1000px) 100vw, 1000px\" \/><\/li>\n                <li style=\"display: none; width: 100%;\" class=\"slide-1834 ms-image \" aria-roledescription=\"slide\" data-date=\"2020-05-29 16:23:42\" data-filename=\"U2_-1.jpg\" data-slide-type=\"image\"><img loading=\"lazy\" decoding=\"async\" width=\"1000\" height=\"667\" src=\"https:\/\/maul-architekten.com\/wp-content\/uploads\/2020\/05\/U2_-1.jpg\" class=\"slider-1807 slide-1834 msDefaultImage\" alt=\"\" rel=\"\" title=\"\" style=\"margin: 0 auto; width: 100%\" srcset=\"https:\/\/maul-architekten.com\/wp-content\/uploads\/2020\/05\/U2_-1.jpg 1000w, https:\/\/maul-architekten.com\/wp-content\/uploads\/2020\/05\/U2_-1-300x200.jpg 300w, https:\/\/maul-architekten.com\/wp-content\/uploads\/2020\/05\/U2_-1-700x467.jpg 700w, https:\/\/maul-architekten.com\/wp-content\/uploads\/2020\/05\/U2_-1-768x512.jpg 768w, https:\/\/maul-architekten.com\/wp-content\/uploads\/2020\/05\/U2_-1-192x128.jpg 192w\" sizes=\"auto, (max-width: 1000px) 100vw, 1000px\" \/><\/li>\n                <li style=\"display: none; width: 100%;\" class=\"slide-1836 ms-image \" aria-roledescription=\"slide\" data-date=\"2020-05-29 16:23:59\" data-filename=\"ANSICHT_-1.jpg\" data-slide-type=\"image\"><img loading=\"lazy\" decoding=\"async\" width=\"1000\" height=\"667\" src=\"https:\/\/maul-architekten.com\/wp-content\/uploads\/2020\/05\/ANSICHT_-1.jpg\" class=\"slider-1807 slide-1836 msDefaultImage\" alt=\"\" rel=\"\" title=\"\" style=\"margin: 0 auto; width: 100%\" srcset=\"https:\/\/maul-architekten.com\/wp-content\/uploads\/2020\/05\/ANSICHT_-1.jpg 1000w, https:\/\/maul-architekten.com\/wp-content\/uploads\/2020\/05\/ANSICHT_-1-300x200.jpg 300w, https:\/\/maul-architekten.com\/wp-content\/uploads\/2020\/05\/ANSICHT_-1-700x467.jpg 700w, https:\/\/maul-architekten.com\/wp-content\/uploads\/2020\/05\/ANSICHT_-1-768x512.jpg 768w, https:\/\/maul-architekten.com\/wp-content\/uploads\/2020\/05\/ANSICHT_-1-192x128.jpg 192w\" sizes=\"auto, (max-width: 1000px) 100vw, 1000px\" \/><\/li>\n                <li style=\"display: none; width: 100%;\" class=\"slide-1838 ms-image \" aria-roledescription=\"slide\" data-date=\"2020-05-29 16:24:10\" data-filename=\"Schnitt-A_-1.jpg\" data-slide-type=\"image\"><img loading=\"lazy\" decoding=\"async\" width=\"1000\" height=\"667\" src=\"https:\/\/maul-architekten.com\/wp-content\/uploads\/2020\/05\/Schnitt-A_-1.jpg\" class=\"slider-1807 slide-1838 msDefaultImage\" alt=\"\" rel=\"\" title=\"\" style=\"margin: 0 auto; width: 100%\" srcset=\"https:\/\/maul-architekten.com\/wp-content\/uploads\/2020\/05\/Schnitt-A_-1.jpg 1000w, https:\/\/maul-architekten.com\/wp-content\/uploads\/2020\/05\/Schnitt-A_-1-300x200.jpg 300w, https:\/\/maul-architekten.com\/wp-content\/uploads\/2020\/05\/Schnitt-A_-1-700x467.jpg 700w, https:\/\/maul-architekten.com\/wp-content\/uploads\/2020\/05\/Schnitt-A_-1-768x512.jpg 768w, https:\/\/maul-architekten.com\/wp-content\/uploads\/2020\/05\/Schnitt-A_-1-192x128.jpg 192w\" sizes=\"auto, (max-width: 1000px) 100vw, 1000px\" \/><\/li>\n                <li style=\"display: none; width: 100%;\" class=\"slide-1840 ms-image \" aria-roledescription=\"slide\" data-date=\"2020-05-29 16:24:21\" data-filename=\"Schnitt-12_-1.jpg\" data-slide-type=\"image\"><img loading=\"lazy\" decoding=\"async\" width=\"1000\" height=\"667\" src=\"https:\/\/maul-architekten.com\/wp-content\/uploads\/2020\/05\/Schnitt-12_-1.jpg\" class=\"slider-1807 slide-1840 msDefaultImage\" alt=\"\" rel=\"\" title=\"\" style=\"margin: 0 auto; width: 100%\" srcset=\"https:\/\/maul-architekten.com\/wp-content\/uploads\/2020\/05\/Schnitt-12_-1.jpg 1000w, https:\/\/maul-architekten.com\/wp-content\/uploads\/2020\/05\/Schnitt-12_-1-300x200.jpg 300w, https:\/\/maul-architekten.com\/wp-content\/uploads\/2020\/05\/Schnitt-12_-1-700x467.jpg 700w, https:\/\/maul-architekten.com\/wp-content\/uploads\/2020\/05\/Schnitt-12_-1-768x512.jpg 768w, https:\/\/maul-architekten.com\/wp-content\/uploads\/2020\/05\/Schnitt-12_-1-192x128.jpg 192w\" sizes=\"auto, (max-width: 1000px) 100vw, 1000px\" \/><\/li>\n            <\/ul>\n        <\/div>\n        \n    <\/div>\n<\/div>\n\n\n\n<p><\/p>\n\n\n\n<p><strong>Wettbewerb Turnsaalzentrum Kriehubergasse \u2013 Wien<\/strong>  |  Anerkennung<\/p>\n\n\n\n<p>EU-weit offener einstufiger Realisierungswettbewerb <\/p>\n\n\n\n<p><\/p>\n\n\n\n<p>Die Blockrandbebauung wird durch das neue Turnsaalzentrum geschlossen, die dahinterliegenden Sport- und Aufenthaltsfl\u00e4chen werden gefasst und gewinnen an r\u00e4umlicher Qualit\u00e4t. Der zum Au\u00dfenraum zur\u00fcckversetzte und \u00fcberdachte Vorplatz des Volumens erm\u00f6glicht Abstand zu den bestehenden Fu\u00dfg\u00e4ngerwegen, bietet Abstellm\u00f6glichkeiten f\u00fcr Fahrr\u00e4der, Begr\u00fcnung zum Stra\u00dfenraum und einen gesch\u00fctzten Eingangsbereich f\u00fcr alle externen Nutzerinnen des neuen Turnsaalzentrums. <\/p>\n\n\n\n<p>Die beiden au\u00dfenliegenden Sporthallen werden \u00fcber ein schr\u00e4ges Oberlicht, das weiters die Funktion der Trib\u00fcne am Rand des Kunststoffspielfeldes \u00fcbernimmt, belichtet. Alle vier Turns\u00e4le sind an ihrer nord-ost Seite \u00fcber ein durchg\u00e4ngiges Fensterband belichtet. Vis-a-vis an den stra\u00dfenseitigen Schmalseiten finden sich die vier Ger\u00e4ter\u00e4ume \u2013 zusammenschaltbar oder einzeln best\u00fcckbar &#8211; wieder. Die einzelnen Funktionen wurden sowohl kompakt als auch in ihrer Beziehung zueinander in einem Naheverh\u00e4ltnis situiert und erm\u00f6glichen dadurch einen sehr klaren und reduzierten Fl\u00e4chenverbrauch des Grundst\u00fccks, ohne auf eine r\u00e4umliche Qualit\u00e4t und nat\u00fcrliche Belichtung der Hallen zu verzichten. Die Belichtungsh\u00f6fe fassen die im Erdgeschoss angesiedelte Sportfelder und bilden eine r\u00e4umliche und visuelle Trennung zur landschaftlich gestalteten Gr\u00fcnoase, welche allen Sch\u00fclerInnen zur Erholung in Pausen und zum Verweilen einl\u00e4dt.<\/p>\n\n\n\n<p class=\"has-text-color has-cyan-bluish-gray-color\">Statik&nbsp;&nbsp;&nbsp;&nbsp;&nbsp;&nbsp;&nbsp;&nbsp;&nbsp;&nbsp;&nbsp;&nbsp;&nbsp;&nbsp;&nbsp;&nbsp;&nbsp;&nbsp; &nbsp;&nbsp;   Margarete Salzer<br>Landschaft&nbsp;&nbsp;&nbsp;&nbsp;&nbsp;&nbsp;&nbsp;&nbsp;&nbsp;&nbsp;&nbsp;&nbsp;&nbsp; Green4Cities <\/p>\n","protected":false},"excerpt":{"rendered":"<p>Wettbewerb Turnsaalzentrum Kriehubergasse \u2013 Wien | Anerkennung EU-weit offener einstufiger Realisierungswettbewerb Die Blockrandbebauung wird durch das neue Turnsaalzentrum geschlossen, die dahinterliegenden Sport- und Aufenthaltsfl\u00e4chen werden gefasst und gewinnen an r\u00e4umlicher Qualit\u00e4t. Der zum Au\u00dfenraum zur\u00fcckversetzte und \u00fcberdachte Vorplatz des Volumens erm\u00f6glicht Abstand zu den bestehenden Fu\u00dfg\u00e4ngerwegen, bietet Abstellm\u00f6glichkeiten f\u00fcr Fahrr\u00e4der, Begr\u00fcnung zum Stra\u00dfenraum und einen &hellip; <a href=\"https:\/\/maul-architekten.com\/?page_id=1812\" class=\"more-link\"><span class=\"screen-reader-text\">Wettbewerb Turnsaalzentrum Kriehubergasse &#8211; Wien<\/span> weiterlesen<\/a><\/p>\n","protected":false},"author":1,"featured_media":1837,"parent":0,"menu_order":0,"comment_status":"closed","ping_status":"closed","template":"","meta":{"footnotes":""},"class_list":["post-1812","page","type-page","status-publish","has-post-thumbnail","hentry"],"_links":{"self":[{"href":"https:\/\/maul-architekten.com\/index.php?rest_route=\/wp\/v2\/pages\/1812","targetHints":{"allow":["GET"]}}],"collection":[{"href":"https:\/\/maul-architekten.com\/index.php?rest_route=\/wp\/v2\/pages"}],"about":[{"href":"https:\/\/maul-architekten.com\/index.php?rest_route=\/wp\/v2\/types\/page"}],"author":[{"embeddable":true,"href":"https:\/\/maul-architekten.com\/index.php?rest_route=\/wp\/v2\/users\/1"}],"replies":[{"embeddable":true,"href":"https:\/\/maul-architekten.com\/index.php?rest_route=%2Fwp%2Fv2%2Fcomments&post=1812"}],"version-history":[{"count":11,"href":"https:\/\/maul-architekten.com\/index.php?rest_route=\/wp\/v2\/pages\/1812\/revisions"}],"predecessor-version":[{"id":1889,"href":"https:\/\/maul-architekten.com\/index.php?rest_route=\/wp\/v2\/pages\/1812\/revisions\/1889"}],"wp:featuredmedia":[{"embeddable":true,"href":"https:\/\/maul-architekten.com\/index.php?rest_route=\/wp\/v2\/media\/1837"}],"wp:attachment":[{"href":"https:\/\/maul-architekten.com\/index.php?rest_route=%2Fwp%2Fv2%2Fmedia&parent=1812"}],"curies":[{"name":"wp","href":"https:\/\/api.w.org\/{rel}","templated":true}]}}