{"id":176,"date":"2017-11-05T18:31:54","date_gmt":"2017-11-05T16:31:54","guid":{"rendered":"http:\/\/maul-architekten.com\/?page_id=176"},"modified":"2023-02-07T14:48:46","modified_gmt":"2023-02-07T12:48:46","slug":"moebelplanung-goldschlagstrasse","status":"publish","type":"page","link":"https:\/\/maul-architekten.com\/?page_id=176","title":{"rendered":"M\u00f6belplanung | Interior 2018 &#8211; Wien"},"content":{"rendered":"<p><div id=\"metaslider-id-162\" style=\"max-width: 1000px;\" class=\"ml-slider-3-108-0 metaslider metaslider-flex metaslider-162 ml-slider ms-theme-default nav-hidden\" role=\"region\" aria-label=\"M\u00f6belplanung Haus G- Wien\" data-height=\"667\" data-width=\"1000\">\n    <div id=\"metaslider_container_162\">\n        <div id=\"metaslider_162\">\n            <ul class='slides'>\n                <li style=\"display: block; width: 100%;\" class=\"slide-321 ms-image \" aria-roledescription=\"slide\" data-date=\"2018-01-05 13:33:53\" data-filename=\"00Haus_G_Wien_web-1.jpg\" data-slide-type=\"image\"><img loading=\"lazy\" decoding=\"async\" width=\"1000\" height=\"667\" src=\"https:\/\/maul-architekten.com\/wp-content\/uploads\/2018\/01\/00Haus_G_Wien_web-1.jpg\" class=\"slider-162 slide-321 msDefaultImage\" alt=\"\" rel=\"\" title=\"\" style=\"margin: 0 auto; width: 100%\" srcset=\"https:\/\/maul-architekten.com\/wp-content\/uploads\/2018\/01\/00Haus_G_Wien_web-1.jpg 1000w, https:\/\/maul-architekten.com\/wp-content\/uploads\/2018\/01\/00Haus_G_Wien_web-1-300x200.jpg 300w, https:\/\/maul-architekten.com\/wp-content\/uploads\/2018\/01\/00Haus_G_Wien_web-1-768x512.jpg 768w, https:\/\/maul-architekten.com\/wp-content\/uploads\/2018\/01\/00Haus_G_Wien_web-1-700x467.jpg 700w, https:\/\/maul-architekten.com\/wp-content\/uploads\/2018\/01\/00Haus_G_Wien_web-1-192x128.jpg 192w\" sizes=\"auto, (max-width: 1000px) 100vw, 1000px\" \/><\/li>\n                <li style=\"display: none; width: 100%;\" class=\"slide-323 ms-image \" aria-roledescription=\"slide\" data-date=\"2018-01-05 13:34:03\" data-filename=\"01Haus_G_Wien_web-2.jpg\" data-slide-type=\"image\"><img loading=\"lazy\" decoding=\"async\" width=\"1000\" height=\"667\" src=\"https:\/\/maul-architekten.com\/wp-content\/uploads\/2018\/01\/01Haus_G_Wien_web-2.jpg\" class=\"slider-162 slide-323 msDefaultImage\" alt=\"\" rel=\"\" title=\"\" style=\"margin: 0 auto; width: 100%\" srcset=\"https:\/\/maul-architekten.com\/wp-content\/uploads\/2018\/01\/01Haus_G_Wien_web-2.jpg 1000w, https:\/\/maul-architekten.com\/wp-content\/uploads\/2018\/01\/01Haus_G_Wien_web-2-300x200.jpg 300w, https:\/\/maul-architekten.com\/wp-content\/uploads\/2018\/01\/01Haus_G_Wien_web-2-768x512.jpg 768w, https:\/\/maul-architekten.com\/wp-content\/uploads\/2018\/01\/01Haus_G_Wien_web-2-700x467.jpg 700w, https:\/\/maul-architekten.com\/wp-content\/uploads\/2018\/01\/01Haus_G_Wien_web-2-192x128.jpg 192w\" sizes=\"auto, (max-width: 1000px) 100vw, 1000px\" \/><\/li>\n                <li style=\"display: none; width: 100%;\" class=\"slide-325 ms-image \" aria-roledescription=\"slide\" data-date=\"2018-01-05 13:34:22\" data-filename=\"03Haus_G_Wien_web-3.jpg\" data-slide-type=\"image\"><img loading=\"lazy\" decoding=\"async\" width=\"1000\" height=\"667\" src=\"https:\/\/maul-architekten.com\/wp-content\/uploads\/2018\/01\/03Haus_G_Wien_web-3.jpg\" class=\"slider-162 slide-325 msDefaultImage\" alt=\"\" rel=\"\" title=\"\" style=\"margin: 0 auto; width: 100%\" srcset=\"https:\/\/maul-architekten.com\/wp-content\/uploads\/2018\/01\/03Haus_G_Wien_web-3.jpg 1000w, https:\/\/maul-architekten.com\/wp-content\/uploads\/2018\/01\/03Haus_G_Wien_web-3-300x200.jpg 300w, https:\/\/maul-architekten.com\/wp-content\/uploads\/2018\/01\/03Haus_G_Wien_web-3-768x512.jpg 768w, https:\/\/maul-architekten.com\/wp-content\/uploads\/2018\/01\/03Haus_G_Wien_web-3-700x467.jpg 700w, https:\/\/maul-architekten.com\/wp-content\/uploads\/2018\/01\/03Haus_G_Wien_web-3-192x128.jpg 192w\" sizes=\"auto, (max-width: 1000px) 100vw, 1000px\" \/><\/li>\n                <li style=\"display: none; width: 100%;\" class=\"slide-327 ms-image \" aria-roledescription=\"slide\" data-date=\"2018-01-05 13:34:32\" data-filename=\"04Haus_G_Wien_web-5.jpg\" data-slide-type=\"image\"><img loading=\"lazy\" decoding=\"async\" width=\"1000\" height=\"667\" src=\"https:\/\/maul-architekten.com\/wp-content\/uploads\/2018\/01\/04Haus_G_Wien_web-5.jpg\" class=\"slider-162 slide-327 msDefaultImage\" alt=\"\" rel=\"\" title=\"\" style=\"margin: 0 auto; width: 100%\" srcset=\"https:\/\/maul-architekten.com\/wp-content\/uploads\/2018\/01\/04Haus_G_Wien_web-5.jpg 1000w, https:\/\/maul-architekten.com\/wp-content\/uploads\/2018\/01\/04Haus_G_Wien_web-5-300x200.jpg 300w, https:\/\/maul-architekten.com\/wp-content\/uploads\/2018\/01\/04Haus_G_Wien_web-5-768x512.jpg 768w, https:\/\/maul-architekten.com\/wp-content\/uploads\/2018\/01\/04Haus_G_Wien_web-5-700x467.jpg 700w, https:\/\/maul-architekten.com\/wp-content\/uploads\/2018\/01\/04Haus_G_Wien_web-5-192x128.jpg 192w\" sizes=\"auto, (max-width: 1000px) 100vw, 1000px\" \/><\/li>\n                <li style=\"display: none; width: 100%;\" class=\"slide-329 ms-image \" aria-roledescription=\"slide\" data-date=\"2018-01-05 13:34:42\" data-filename=\"06Haus_G_Wien_web-11.jpg\" data-slide-type=\"image\"><img loading=\"lazy\" decoding=\"async\" width=\"1000\" height=\"667\" src=\"https:\/\/maul-architekten.com\/wp-content\/uploads\/2018\/01\/06Haus_G_Wien_web-11.jpg\" class=\"slider-162 slide-329 msDefaultImage\" alt=\"\" rel=\"\" title=\"\" style=\"margin: 0 auto; width: 100%\" srcset=\"https:\/\/maul-architekten.com\/wp-content\/uploads\/2018\/01\/06Haus_G_Wien_web-11.jpg 1000w, https:\/\/maul-architekten.com\/wp-content\/uploads\/2018\/01\/06Haus_G_Wien_web-11-300x200.jpg 300w, https:\/\/maul-architekten.com\/wp-content\/uploads\/2018\/01\/06Haus_G_Wien_web-11-768x512.jpg 768w, https:\/\/maul-architekten.com\/wp-content\/uploads\/2018\/01\/06Haus_G_Wien_web-11-700x467.jpg 700w, https:\/\/maul-architekten.com\/wp-content\/uploads\/2018\/01\/06Haus_G_Wien_web-11-192x128.jpg 192w\" sizes=\"auto, (max-width: 1000px) 100vw, 1000px\" \/><\/li>\n                <li style=\"display: none; width: 100%;\" class=\"slide-332 ms-image \" aria-roledescription=\"slide\" data-date=\"2018-01-05 13:35:05\" data-filename=\"07Haus_G_Wien_web-16.jpg\" data-slide-type=\"image\"><img loading=\"lazy\" decoding=\"async\" width=\"1000\" height=\"667\" src=\"https:\/\/maul-architekten.com\/wp-content\/uploads\/2018\/01\/07Haus_G_Wien_web-16.jpg\" class=\"slider-162 slide-332 msDefaultImage\" alt=\"\" rel=\"\" title=\"\" style=\"margin: 0 auto; width: 100%\" srcset=\"https:\/\/maul-architekten.com\/wp-content\/uploads\/2018\/01\/07Haus_G_Wien_web-16.jpg 1000w, https:\/\/maul-architekten.com\/wp-content\/uploads\/2018\/01\/07Haus_G_Wien_web-16-300x200.jpg 300w, https:\/\/maul-architekten.com\/wp-content\/uploads\/2018\/01\/07Haus_G_Wien_web-16-768x512.jpg 768w, https:\/\/maul-architekten.com\/wp-content\/uploads\/2018\/01\/07Haus_G_Wien_web-16-700x467.jpg 700w, https:\/\/maul-architekten.com\/wp-content\/uploads\/2018\/01\/07Haus_G_Wien_web-16-192x128.jpg 192w\" sizes=\"auto, (max-width: 1000px) 100vw, 1000px\" \/><\/li>\n                <li style=\"display: none; width: 100%;\" class=\"slide-334 ms-image \" aria-roledescription=\"slide\" data-date=\"2018-01-05 13:35:19\" data-filename=\"08Haus_G_Wien_web-13.jpg\" data-slide-type=\"image\"><img loading=\"lazy\" decoding=\"async\" width=\"1000\" height=\"667\" src=\"https:\/\/maul-architekten.com\/wp-content\/uploads\/2018\/01\/08Haus_G_Wien_web-13.jpg\" class=\"slider-162 slide-334 msDefaultImage\" alt=\"\" rel=\"\" title=\"\" style=\"margin: 0 auto; width: 100%\" srcset=\"https:\/\/maul-architekten.com\/wp-content\/uploads\/2018\/01\/08Haus_G_Wien_web-13.jpg 1000w, https:\/\/maul-architekten.com\/wp-content\/uploads\/2018\/01\/08Haus_G_Wien_web-13-300x200.jpg 300w, https:\/\/maul-architekten.com\/wp-content\/uploads\/2018\/01\/08Haus_G_Wien_web-13-768x512.jpg 768w, https:\/\/maul-architekten.com\/wp-content\/uploads\/2018\/01\/08Haus_G_Wien_web-13-700x467.jpg 700w, https:\/\/maul-architekten.com\/wp-content\/uploads\/2018\/01\/08Haus_G_Wien_web-13-192x128.jpg 192w\" sizes=\"auto, (max-width: 1000px) 100vw, 1000px\" \/><\/li>\n                <li style=\"display: none; width: 100%;\" class=\"slide-336 ms-image \" aria-roledescription=\"slide\" data-date=\"2018-01-05 13:35:33\" data-filename=\"09Haus_G_Wien_web-12.jpg\" data-slide-type=\"image\"><img loading=\"lazy\" decoding=\"async\" width=\"1000\" height=\"667\" src=\"https:\/\/maul-architekten.com\/wp-content\/uploads\/2018\/01\/09Haus_G_Wien_web-12.jpg\" class=\"slider-162 slide-336 msDefaultImage\" alt=\"\" rel=\"\" title=\"\" style=\"margin: 0 auto; width: 100%\" srcset=\"https:\/\/maul-architekten.com\/wp-content\/uploads\/2018\/01\/09Haus_G_Wien_web-12.jpg 1000w, https:\/\/maul-architekten.com\/wp-content\/uploads\/2018\/01\/09Haus_G_Wien_web-12-300x200.jpg 300w, https:\/\/maul-architekten.com\/wp-content\/uploads\/2018\/01\/09Haus_G_Wien_web-12-768x512.jpg 768w, https:\/\/maul-architekten.com\/wp-content\/uploads\/2018\/01\/09Haus_G_Wien_web-12-700x467.jpg 700w, https:\/\/maul-architekten.com\/wp-content\/uploads\/2018\/01\/09Haus_G_Wien_web-12-192x128.jpg 192w\" sizes=\"auto, (max-width: 1000px) 100vw, 1000px\" \/><\/li>\n            <\/ul>\n        <\/div>\n        \n    <\/div>\n<\/div><!--more--><\/p>\n<p><strong>M\u00f6belplanung Haus G &#8211; Wien<\/strong><\/p>\n<p>Planung\u00a0\u00a0\u00a0\u00a0\u00a0\u00a0\u00a0\u00a0\u00a0\u00a0\u00a0 2017<br \/>\nBauausf\u00fchrung 2017 | 2018<\/p>\n<p>Projektbeschreibung<br \/>\nZur\u00fcckhaltend f\u00fcgt sich die M\u00f6belplanung in den sanierten Altbau und bildet durch die Geradlinigkeit eine Symbiose zwischen Raumgef\u00fchl und\u00a0 idealer Platznutzung. Somit ist eine bestm\u00f6glichste Funktionsverteilung zwischen Arbeiten, Kochen, Wohnen und Verweilen gew\u00e4hrleistet.<\/p>\n<p><span style=\"color: #999999;\">Bilder \u00a0\u00a0\u00a0\u00a0\u00a0\u00a0\u00a0\u00a0\u00a0\u00a0\u00a0\u00a0\u00a0\u00a0\u00a0\u00a0\u00a0 \u00a9 lukas maul | <a href=\"https:\/\/lukasmaul.at\/\" target=\"_blank\" rel=\"noopener noreferrer\">lumagraphics<\/a><br \/>\n<\/span><\/p>\n","protected":false},"excerpt":{"rendered":"<p> <a href=\"https:\/\/maul-architekten.com\/?page_id=176\" class=\"more-link\"><span class=\"screen-reader-text\">M\u00f6belplanung | Interior 2018 &#8211; Wien<\/span> weiterlesen<\/a><\/p>\n","protected":false},"author":1,"featured_media":320,"parent":0,"menu_order":0,"comment_status":"closed","ping_status":"closed","template":"","meta":{"footnotes":""},"class_list":["post-176","page","type-page","status-publish","has-post-thumbnail","hentry"],"_links":{"self":[{"href":"https:\/\/maul-architekten.com\/index.php?rest_route=\/wp\/v2\/pages\/176","targetHints":{"allow":["GET"]}}],"collection":[{"href":"https:\/\/maul-architekten.com\/index.php?rest_route=\/wp\/v2\/pages"}],"about":[{"href":"https:\/\/maul-architekten.com\/index.php?rest_route=\/wp\/v2\/types\/page"}],"author":[{"embeddable":true,"href":"https:\/\/maul-architekten.com\/index.php?rest_route=\/wp\/v2\/users\/1"}],"replies":[{"embeddable":true,"href":"https:\/\/maul-architekten.com\/index.php?rest_route=%2Fwp%2Fv2%2Fcomments&post=176"}],"version-history":[{"count":23,"href":"https:\/\/maul-architekten.com\/index.php?rest_route=\/wp\/v2\/pages\/176\/revisions"}],"predecessor-version":[{"id":2599,"href":"https:\/\/maul-architekten.com\/index.php?rest_route=\/wp\/v2\/pages\/176\/revisions\/2599"}],"wp:featuredmedia":[{"embeddable":true,"href":"https:\/\/maul-architekten.com\/index.php?rest_route=\/wp\/v2\/media\/320"}],"wp:attachment":[{"href":"https:\/\/maul-architekten.com\/index.php?rest_route=%2Fwp%2Fv2%2Fmedia&parent=176"}],"curies":[{"name":"wp","href":"https:\/\/api.w.org\/{rel}","templated":true}]}}

Möbelplanung | Interior 2018 &#8211; Wien

<p><div id="metaslider-id-162" style="max-width: 1000px;" class="ml-slider-3-108-0 metaslider metaslider-flex metaslider-162 ml-slider ms-theme-default nav-hidden" role="region" aria-label="Möbelplanung Haus G- Wien" data-height="667" data-width="1000">
    <div id="metaslider_container_162">
        <div id="metaslider_162">
            <ul class='slides'>
                <li style="display: block; width: 100%;" class="slide-321 ms-image " aria-roledescription="slide" data-date="2018-01-05 13:33:53" data-filename="00Haus_G_Wien_web-1.jpg" data-slide-type="image"><img loading="lazy" decoding="async" width="1000" height="667" src="https://maul-architekten.com/wp-content/uploads/2018/01/00Haus_G_Wien_web-1.jpg" class="slider-162 slide-321 msDefaultImage" alt="" rel="" title="" style="margin: 0 auto; width: 100%" srcset="https://maul-architekten.com/wp-content/uploads/2018/01/00Haus_G_Wien_web-1.jpg 1000w, https://maul-architekten.com/wp-content/uploads/2018/01/00Haus_G_Wien_web-1-300x200.jpg 300w, https://maul-architekten.com/wp-content/uploads/2018/01/00Haus_G_Wien_web-1-768x512.jpg 768w, https://maul-architekten.com/wp-content/uploads/2018/01/00Haus_G_Wien_web-1-700x467.jpg 700w, https://maul-architekten.com/wp-content/uploads/2018/01/00Haus_G_Wien_web-1-192x128.jpg 192w" sizes="auto, (max-width: 1000px) 100vw, 1000px" /></li>
                <li style="display: none; width: 100%;" class="slide-323 ms-image " aria-roledescription="slide" data-date="2018-01-05 13:34:03" data-filename="01Haus_G_Wien_web-2.jpg" data-slide-type="image"><img loading="lazy" decoding="async" width="1000" height="667" src="https://maul-architekten.com/wp-content/uploads/2018/01/01Haus_G_Wien_web-2.jpg" class="slider-162 slide-323 msDefaultImage" alt="" rel="" title="" style="margin: 0 auto; width: 100%" srcset="https://maul-architekten.com/wp-content/uploads/2018/01/01Haus_G_Wien_web-2.jpg 1000w, https://maul-architekten.com/wp-content/uploads/2018/01/01Haus_G_Wien_web-2-300x200.jpg 300w, https://maul-architekten.com/wp-content/uploads/2018/01/01Haus_G_Wien_web-2-768x512.jpg 768w, https://maul-architekten.com/wp-content/uploads/2018/01/01Haus_G_Wien_web-2-700x467.jpg 700w, https://maul-architekten.com/wp-content/uploads/2018/01/01Haus_G_Wien_web-2-192x128.jpg 192w" sizes="auto, (max-width: 1000px) 100vw, 1000px" /></li>
                <li style="display: none; width: 100%;" class="slide-325 ms-image " aria-roledescription="slide" data-date="2018-01-05 13:34:22" data-filename="03Haus_G_Wien_web-3.jpg" data-slide-type="image"><img loading="lazy" decoding="async" width="1000" height="667" src="https://maul-architekten.com/wp-content/uploads/2018/01/03Haus_G_Wien_web-3.jpg" class="slider-162 slide-325 msDefaultImage" alt="" rel="" title="" style="margin: 0 auto; width: 100%" srcset="https://maul-architekten.com/wp-content/uploads/2018/01/03Haus_G_Wien_web-3.jpg 1000w, https://maul-architekten.com/wp-content/uploads/2018/01/03Haus_G_Wien_web-3-300x200.jpg 300w, https://maul-architekten.com/wp-content/uploads/2018/01/03Haus_G_Wien_web-3-768x512.jpg 768w, https://maul-architekten.com/wp-content/uploads/2018/01/03Haus_G_Wien_web-3-700x467.jpg 700w, https://maul-architekten.com/wp-content/uploads/2018/01/03Haus_G_Wien_web-3-192x128.jpg 192w" sizes="auto, (max-width: 1000px) 100vw, 1000px" /></li>
                <li style="display: none; width: 100%;" class="slide-327 ms-image " aria-roledescription="slide" data-date="2018-01-05 13:34:32" data-filename="04Haus_G_Wien_web-5.jpg" data-slide-type="image"><img loading="lazy" decoding="async" width="1000" height="667" src="https://maul-architekten.com/wp-content/uploads/2018/01/04Haus_G_Wien_web-5.jpg" class="slider-162 slide-327 msDefaultImage" alt="" rel="" title="" style="margin: 0 auto; width: 100%" srcset="https://maul-architekten.com/wp-content/uploads/2018/01/04Haus_G_Wien_web-5.jpg 1000w, https://maul-architekten.com/wp-content/uploads/2018/01/04Haus_G_Wien_web-5-300x200.jpg 300w, https://maul-architekten.com/wp-content/uploads/2018/01/04Haus_G_Wien_web-5-768x512.jpg 768w, https://maul-architekten.com/wp-content/uploads/2018/01/04Haus_G_Wien_web-5-700x467.jpg 700w, https://maul-architekten.com/wp-content/uploads/2018/01/04Haus_G_Wien_web-5-192x128.jpg 192w" sizes="auto, (max-width: 1000px) 100vw, 1000px" /></li>
                <li style="display: none; width: 100%;" class="slide-329 ms-image " aria-roledescription="slide" data-date="2018-01-05 13:34:42" data-filename="06Haus_G_Wien_web-11.jpg" data-slide-type="image"><img loading="lazy" decoding="async" width="1000" height="667" src="https://maul-architekten.com/wp-content/uploads/2018/01/06Haus_G_Wien_web-11.jpg" class="slider-162 slide-329 msDefaultImage" alt="" rel="" title="" style="margin: 0 auto; width: 100%" srcset="https://maul-architekten.com/wp-content/uploads/2018/01/06Haus_G_Wien_web-11.jpg 1000w, https://maul-architekten.com/wp-content/uploads/2018/01/06Haus_G_Wien_web-11-300x200.jpg 300w, https://maul-architekten.com/wp-content/uploads/2018/01/06Haus_G_Wien_web-11-768x512.jpg 768w, https://maul-architekten.com/wp-content/uploads/2018/01/06Haus_G_Wien_web-11-700x467.jpg 700w, https://maul-architekten.com/wp-content/uploads/2018/01/06Haus_G_Wien_web-11-192x128.jpg 192w" sizes="auto, (max-width: 1000px) 100vw, 1000px" /></li>
                <li style="display: none; width: 100%;" class="slide-332 ms-image " aria-roledescription="slide" data-date="2018-01-05 13:35:05" data-filename="07Haus_G_Wien_web-16.jpg" data-slide-type="image"><img loading="lazy" decoding="async" width="1000" height="667" src="https://maul-architekten.com/wp-content/uploads/2018/01/07Haus_G_Wien_web-16.jpg" class="slider-162 slide-332 msDefaultImage" alt="" rel="" title="" style="margin: 0 auto; width: 100%" srcset="https://maul-architekten.com/wp-content/uploads/2018/01/07Haus_G_Wien_web-16.jpg 1000w, https://maul-architekten.com/wp-content/uploads/2018/01/07Haus_G_Wien_web-16-300x200.jpg 300w, https://maul-architekten.com/wp-content/uploads/2018/01/07Haus_G_Wien_web-16-768x512.jpg 768w, https://maul-architekten.com/wp-content/uploads/2018/01/07Haus_G_Wien_web-16-700x467.jpg 700w, https://maul-architekten.com/wp-content/uploads/2018/01/07Haus_G_Wien_web-16-192x128.jpg 192w" sizes="auto, (max-width: 1000px) 100vw, 1000px" /></li>
                <li style="display: none; width: 100%;" class="slide-334 ms-image " aria-roledescription="slide" data-date="2018-01-05 13:35:19" data-filename="08Haus_G_Wien_web-13.jpg" data-slide-type="image"><img loading="lazy" decoding="async" width="1000" height="667" src="https://maul-architekten.com/wp-content/uploads/2018/01/08Haus_G_Wien_web-13.jpg" class="slider-162 slide-334 msDefaultImage" alt="" rel="" title="" style="margin: 0 auto; width: 100%" srcset="https://maul-architekten.com/wp-content/uploads/2018/01/08Haus_G_Wien_web-13.jpg 1000w, https://maul-architekten.com/wp-content/uploads/2018/01/08Haus_G_Wien_web-13-300x200.jpg 300w, https://maul-architekten.com/wp-content/uploads/2018/01/08Haus_G_Wien_web-13-768x512.jpg 768w, https://maul-architekten.com/wp-content/uploads/2018/01/08Haus_G_Wien_web-13-700x467.jpg 700w, https://maul-architekten.com/wp-content/uploads/2018/01/08Haus_G_Wien_web-13-192x128.jpg 192w" sizes="auto, (max-width: 1000px) 100vw, 1000px" /></li>
                <li style="display: none; width: 100%;" class="slide-336 ms-image " aria-roledescription="slide" data-date="2018-01-05 13:35:33" data-filename="09Haus_G_Wien_web-12.jpg" data-slide-type="image"><img loading="lazy" decoding="async" width="1000" height="667" src="https://maul-architekten.com/wp-content/uploads/2018/01/09Haus_G_Wien_web-12.jpg" class="slider-162 slide-336 msDefaultImage" alt="" rel="" title="" style="margin: 0 auto; width: 100%" srcset="https://maul-architekten.com/wp-content/uploads/2018/01/09Haus_G_Wien_web-12.jpg 1000w, https://maul-architekten.com/wp-content/uploads/2018/01/09Haus_G_Wien_web-12-300x200.jpg 300w, https://maul-architekten.com/wp-content/uploads/2018/01/09Haus_G_Wien_web-12-768x512.jpg 768w, https://maul-architekten.com/wp-content/uploads/2018/01/09Haus_G_Wien_web-12-700x467.jpg 700w, https://maul-architekten.com/wp-content/uploads/2018/01/09Haus_G_Wien_web-12-192x128.jpg 192w" sizes="auto, (max-width: 1000px) 100vw, 1000px" /></li>
            </ul>
        </div>
        
    </div>
</div><!--more--></p>
<p><strong>Möbelplanung Haus G &#8211; Wien</strong></p>
<p>Planung            2017<br />
Bauausführung 2017 | 2018</p>
<p>Projektbeschreibung<br />
Zurückhaltend fügt sich die Möbelplanung in den sanierten Altbau und bildet durch die Geradlinigkeit eine Symbiose zwischen Raumgefühl und  idealer Platznutzung. Somit ist eine bestmöglichste Funktionsverteilung zwischen Arbeiten, Kochen, Wohnen und Verweilen gewährleistet.</p>
<p><span style="color: #999999;">Bilder                   © lukas maul | <a href="https://lukasmaul.at/" target="_blank" rel="noopener noreferrer">lumagraphics</a><br />
</span></p>

<p> <a href="https://maul-architekten.com/?page_id=176" class="more-link"><span class="screen-reader-text">Möbelplanung | Interior 2018 &#8211; Wien</span> weiterlesen</a></p>
